{"id":50958,"date":"2022-01-24T09:50:17","date_gmt":"2022-01-24T12:50:17","guid":{"rendered":"https:\/\/www.museuhistoricosl.com.br\/loja\/produto\/sl081-fd-0005\/"},"modified":"2022-01-24T09:50:17","modified_gmt":"2022-01-24T12:50:17","slug":"sl081-fd-0005","status":"publish","type":"product","link":"https:\/\/www.museuhistoricosl.com.br\/loja\/produto\/sl081-fd-0005\/","title":{"rendered":"SL081-FD-0005"},"content":{"rendered":"<p>Solenidade de abertura da Semana do Imigrante, na Pra\u00e7a do Imigrante, em julho de 1986.  &#8211; C\u00f3digo anterior de cat\u00e1logo:FD 81-5; Pra\u00e7as &#8211; S\u00e3o Leopoldo; <\/p>\n","protected":false},"excerpt":{"rendered":"<p>Solenidade de abertura da Semana do Imigrante, na Pra\u00e7a do Imigrante, em julho de 1986. &#8211; C\u00f3digo anterior de cat\u00e1logo:FD<\/p>\n","protected":false},"featured_media":50957,"comment_status":"open","ping_status":"closed","template":"","meta":{"_acf_changed":false},"product_cat":[114],"product_tag":[],"class_list":["post-50958","product","type-product","status-publish","has-post-thumbnail","hentry","product_cat-pracas-sao-leopoldo"],"acf":[],"_links":{"self":[{"href":"https:\/\/www.museuhistoricosl.com.br\/loja\/wp-json\/wp\/v2\/product\/50958","targetHints":{"allow":["GET"]}}],"collection":[{"href":"https:\/\/www.museuhistoricosl.com.br\/loja\/wp-json\/wp\/v2\/product"}],"about":[{"href":"https:\/\/www.museuhistoricosl.com.br\/loja\/wp-json\/wp\/v2\/types\/product"}],"replies":[{"embeddable":true,"href":"https:\/\/www.museuhistoricosl.com.br\/loja\/wp-json\/wp\/v2\/comments?post=50958"}],"wp:featuredmedia":[{"embeddable":true,"href":"https:\/\/www.museuhistoricosl.com.br\/loja\/wp-json\/wp\/v2\/media\/50957"}],"wp:attachment":[{"href":"https:\/\/www.museuhistoricosl.com.br\/loja\/wp-json\/wp\/v2\/media?parent=50958"}],"wp:term":[{"taxonomy":"product_cat","embeddable":true,"href":"https:\/\/www.museuhistoricosl.com.br\/loja\/wp-json\/wp\/v2\/product_cat?post=50958"},{"taxonomy":"product_tag","embeddable":true,"href":"https:\/\/www.museuhistoricosl.com.br\/loja\/wp-json\/wp\/v2\/product_tag?post=50958"}],"curies":[{"name":"wp","href":"https:\/\/api.w.org\/{rel}","templated":true}]}}

<p>Solenidade de abertura da Semana do Imigrante, na Praça do Imigrante, em julho de 1986.  &#8211; Código anterior de catálogo:FD 81-5; Praças &#8211; São Leopoldo; </p>

<p>Solenidade de abertura da Semana do Imigrante, na Praça do Imigrante, em julho de 1986. &#8211; Código anterior de catálogo:FD</p>
