{"id":50835,"date":"2022-01-24T09:38:00","date_gmt":"2022-01-24T12:38:00","guid":{"rendered":"https:\/\/www.museuhistoricosl.com.br\/loja\/produto\/sl124-fd-0026\/"},"modified":"2022-01-24T09:38:00","modified_gmt":"2022-01-24T12:38:00","slug":"sl124-fd-0026","status":"publish","type":"product","link":"https:\/\/www.museuhistoricosl.com.br\/loja\/produto\/sl124-fd-0026\/","title":{"rendered":"SL124-FD-0026"},"content":{"rendered":"<p>M\u00e1rcia Helena S\u00e1 C. Hofmann e Juracy Hofmann com Maria Elisa e Maria Isabel C. Hofmann -1965 (janeiro) &#8211; C\u00f3digo anterior de cat\u00e1logo:FD PC-26; Pra\u00e7a do Imigrante &#8211; S\u00e3o Leopoldo; <\/p>\n","protected":false},"excerpt":{"rendered":"<p>M\u00e1rcia Helena S\u00e1 C. Hofmann e Juracy Hofmann com Maria Elisa e Maria Isabel C. Hofmann -1965 (janeiro) &#8211; C\u00f3digo<\/p>\n","protected":false},"featured_media":50834,"comment_status":"open","ping_status":"closed","template":"","meta":{"_acf_changed":false},"product_cat":[113],"product_tag":[],"class_list":["post-50835","product","type-product","status-publish","has-post-thumbnail","hentry","product_cat-praca-do-imigrante-sao-leopoldo"],"acf":[],"_links":{"self":[{"href":"https:\/\/www.museuhistoricosl.com.br\/loja\/wp-json\/wp\/v2\/product\/50835","targetHints":{"allow":["GET"]}}],"collection":[{"href":"https:\/\/www.museuhistoricosl.com.br\/loja\/wp-json\/wp\/v2\/product"}],"about":[{"href":"https:\/\/www.museuhistoricosl.com.br\/loja\/wp-json\/wp\/v2\/types\/product"}],"replies":[{"embeddable":true,"href":"https:\/\/www.museuhistoricosl.com.br\/loja\/wp-json\/wp\/v2\/comments?post=50835"}],"wp:featuredmedia":[{"embeddable":true,"href":"https:\/\/www.museuhistoricosl.com.br\/loja\/wp-json\/wp\/v2\/media\/50834"}],"wp:attachment":[{"href":"https:\/\/www.museuhistoricosl.com.br\/loja\/wp-json\/wp\/v2\/media?parent=50835"}],"wp:term":[{"taxonomy":"product_cat","embeddable":true,"href":"https:\/\/www.museuhistoricosl.com.br\/loja\/wp-json\/wp\/v2\/product_cat?post=50835"},{"taxonomy":"product_tag","embeddable":true,"href":"https:\/\/www.museuhistoricosl.com.br\/loja\/wp-json\/wp\/v2\/product_tag?post=50835"}],"curies":[{"name":"wp","href":"https:\/\/api.w.org\/{rel}","templated":true}]}}

<p>Márcia Helena Sá C. Hofmann e Juracy Hofmann com Maria Elisa e Maria Isabel C. Hofmann -1965 (janeiro) &#8211; Código anterior de catálogo:FD PC-26; Praça do Imigrante &#8211; São Leopoldo; </p>

<p>Márcia Helena Sá C. Hofmann e Juracy Hofmann com Maria Elisa e Maria Isabel C. Hofmann -1965 (janeiro) &#8211; Código</p>
