{"id":46258,"date":"2022-01-21T10:50:27","date_gmt":"2022-01-21T13:50:27","guid":{"rendered":"https:\/\/www.museuhistoricosl.com.br\/loja\/produto\/sl082-fd-0028\/"},"modified":"2022-01-21T10:50:27","modified_gmt":"2022-01-21T13:50:27","slug":"sl082-fd-0028","status":"publish","type":"product","link":"https:\/\/www.museuhistoricosl.com.br\/loja\/produto\/sl082-fd-0028\/","title":{"rendered":"SL082-FD-0028"},"content":{"rendered":"<p>Sess\u00e3o solene na C\u00e2mara Municipal. Conferencista: TLM. Aparecem pessoas com os trajes da r\u00e9plica de 1974 (chegada dos primeiros imigrantes). 25\/07\/1976. &#8211; C\u00f3digo anterior de cat\u00e1logo:FD 82-28; Pol\u00edtica S\u00e3o Leopoldo; <\/p>\n","protected":false},"excerpt":{"rendered":"<p>Sess\u00e3o solene na C\u00e2mara Municipal. Conferencista: TLM. Aparecem pessoas com os trajes da r\u00e9plica de 1974 (chegada dos primeiros imigrantes).<\/p>\n","protected":false},"featured_media":46257,"comment_status":"open","ping_status":"closed","template":"","meta":{"_acf_changed":false},"product_cat":[111],"product_tag":[],"class_list":["post-46258","product","type-product","status-publish","has-post-thumbnail","hentry","product_cat-politica-sao-leopoldo"],"acf":[],"_links":{"self":[{"href":"https:\/\/www.museuhistoricosl.com.br\/loja\/wp-json\/wp\/v2\/product\/46258","targetHints":{"allow":["GET"]}}],"collection":[{"href":"https:\/\/www.museuhistoricosl.com.br\/loja\/wp-json\/wp\/v2\/product"}],"about":[{"href":"https:\/\/www.museuhistoricosl.com.br\/loja\/wp-json\/wp\/v2\/types\/product"}],"replies":[{"embeddable":true,"href":"https:\/\/www.museuhistoricosl.com.br\/loja\/wp-json\/wp\/v2\/comments?post=46258"}],"wp:featuredmedia":[{"embeddable":true,"href":"https:\/\/www.museuhistoricosl.com.br\/loja\/wp-json\/wp\/v2\/media\/46257"}],"wp:attachment":[{"href":"https:\/\/www.museuhistoricosl.com.br\/loja\/wp-json\/wp\/v2\/media?parent=46258"}],"wp:term":[{"taxonomy":"product_cat","embeddable":true,"href":"https:\/\/www.museuhistoricosl.com.br\/loja\/wp-json\/wp\/v2\/product_cat?post=46258"},{"taxonomy":"product_tag","embeddable":true,"href":"https:\/\/www.museuhistoricosl.com.br\/loja\/wp-json\/wp\/v2\/product_tag?post=46258"}],"curies":[{"name":"wp","href":"https:\/\/api.w.org\/{rel}","templated":true}]}}

<p>Sessão solene na Câmara Municipal. Conferencista: TLM. Aparecem pessoas com os trajes da réplica de 1974 (chegada dos primeiros imigrantes). 25/07/1976. &#8211; Código anterior de catálogo:FD 82-28; Política São Leopoldo; </p>

<p>Sessão solene na Câmara Municipal. Conferencista: TLM. Aparecem pessoas com os trajes da réplica de 1974 (chegada dos primeiros imigrantes).</p>
