{"id":46256,"date":"2022-01-21T10:50:26","date_gmt":"2022-01-21T13:50:26","guid":{"rendered":"https:\/\/www.museuhistoricosl.com.br\/loja\/produto\/sl082-fd-0027\/"},"modified":"2022-01-21T10:50:26","modified_gmt":"2022-01-21T13:50:26","slug":"sl082-fd-0027","status":"publish","type":"product","link":"https:\/\/www.museuhistoricosl.com.br\/loja\/produto\/sl082-fd-0027\/","title":{"rendered":"SL082-FD-0027"},"content":{"rendered":"<p>Sess\u00e3o solene da C\u00e2mara Municipal por ocasi\u00e3o do dia 25\/ 07\/1976. Conferencista: prof. Telmo Lauro M\u00fcller (aspectos da Hist\u00f3ria de S\u00e3o Leopoldo &#8211; a C\u00e2mara Municipal no s\u00e9culo passado). Mesa de honra: reitor da Unisinos Pe. Theobaldo Frantz, S.J., Cel. Aliano, representante do Consulado alem\u00e3o Dr. Weishawpt, vereador Flores da Rosa, prefeito Henrique Prieto, Telmo Lauro M\u00fcller, Juan Carlos Martinez. &#8211; C\u00f3digo anterior de cat\u00e1logo:FD 82-27; Pol\u00edtica S\u00e3o Leopoldo; <\/p>\n","protected":false},"excerpt":{"rendered":"<p>Sess\u00e3o solene da C\u00e2mara Municipal por ocasi\u00e3o do dia 25\/ 07\/1976. Conferencista: prof. Telmo Lauro M\u00fcller (aspectos da Hist\u00f3ria de<\/p>\n","protected":false},"featured_media":46255,"comment_status":"open","ping_status":"closed","template":"","meta":{"_acf_changed":false},"product_cat":[111],"product_tag":[],"class_list":["post-46256","product","type-product","status-publish","has-post-thumbnail","hentry","product_cat-politica-sao-leopoldo"],"acf":[],"_links":{"self":[{"href":"https:\/\/www.museuhistoricosl.com.br\/loja\/wp-json\/wp\/v2\/product\/46256","targetHints":{"allow":["GET"]}}],"collection":[{"href":"https:\/\/www.museuhistoricosl.com.br\/loja\/wp-json\/wp\/v2\/product"}],"about":[{"href":"https:\/\/www.museuhistoricosl.com.br\/loja\/wp-json\/wp\/v2\/types\/product"}],"replies":[{"embeddable":true,"href":"https:\/\/www.museuhistoricosl.com.br\/loja\/wp-json\/wp\/v2\/comments?post=46256"}],"wp:featuredmedia":[{"embeddable":true,"href":"https:\/\/www.museuhistoricosl.com.br\/loja\/wp-json\/wp\/v2\/media\/46255"}],"wp:attachment":[{"href":"https:\/\/www.museuhistoricosl.com.br\/loja\/wp-json\/wp\/v2\/media?parent=46256"}],"wp:term":[{"taxonomy":"product_cat","embeddable":true,"href":"https:\/\/www.museuhistoricosl.com.br\/loja\/wp-json\/wp\/v2\/product_cat?post=46256"},{"taxonomy":"product_tag","embeddable":true,"href":"https:\/\/www.museuhistoricosl.com.br\/loja\/wp-json\/wp\/v2\/product_tag?post=46256"}],"curies":[{"name":"wp","href":"https:\/\/api.w.org\/{rel}","templated":true}]}}

<p>Sessão solene da Câmara Municipal por ocasião do dia 25/ 07/1976. Conferencista: prof. Telmo Lauro Müller (aspectos da História de São Leopoldo &#8211; a Câmara Municipal no século passado). Mesa de honra: reitor da Unisinos Pe. Theobaldo Frantz, S.J., Cel. Aliano, representante do Consulado alemão Dr. Weishawpt, vereador Flores da Rosa, prefeito Henrique Prieto, Telmo Lauro Müller, Juan Carlos Martinez. &#8211; Código anterior de catálogo:FD 82-27; Política São Leopoldo; </p>

<p>Sessão solene da Câmara Municipal por ocasião do dia 25/ 07/1976. Conferencista: prof. Telmo Lauro Müller (aspectos da História de</p>
