{"id":46246,"date":"2022-01-21T10:50:21","date_gmt":"2022-01-21T13:50:21","guid":{"rendered":"https:\/\/www.museuhistoricosl.com.br\/loja\/produto\/sl082-fd-0022\/"},"modified":"2022-01-21T10:50:21","modified_gmt":"2022-01-21T13:50:21","slug":"sl082-fd-0022","status":"publish","type":"product","link":"https:\/\/www.museuhistoricosl.com.br\/loja\/produto\/sl082-fd-0022\/","title":{"rendered":"SL082-FD-0022"},"content":{"rendered":"<p>Associa\u00e7\u00e3o Comercial e Industrial em reuni\u00e3o com a Brigada Militar: campanha na Scharlau para melhorar servi\u00e7o policial. 05\/12\/1985. &#8211; C\u00f3digo anterior de cat\u00e1logo:FD 82-22; Pol\u00edtica S\u00e3o Leopoldo; <\/p>\n","protected":false},"excerpt":{"rendered":"<p>Associa\u00e7\u00e3o Comercial e Industrial em reuni\u00e3o com a Brigada Militar: campanha na Scharlau para melhorar servi\u00e7o policial. 05\/12\/1985. &#8211; C\u00f3digo<\/p>\n","protected":false},"featured_media":46245,"comment_status":"open","ping_status":"closed","template":"","meta":{"_acf_changed":false},"product_cat":[111],"product_tag":[],"class_list":["post-46246","product","type-product","status-publish","has-post-thumbnail","hentry","product_cat-politica-sao-leopoldo"],"acf":[],"_links":{"self":[{"href":"https:\/\/www.museuhistoricosl.com.br\/loja\/wp-json\/wp\/v2\/product\/46246","targetHints":{"allow":["GET"]}}],"collection":[{"href":"https:\/\/www.museuhistoricosl.com.br\/loja\/wp-json\/wp\/v2\/product"}],"about":[{"href":"https:\/\/www.museuhistoricosl.com.br\/loja\/wp-json\/wp\/v2\/types\/product"}],"replies":[{"embeddable":true,"href":"https:\/\/www.museuhistoricosl.com.br\/loja\/wp-json\/wp\/v2\/comments?post=46246"}],"wp:featuredmedia":[{"embeddable":true,"href":"https:\/\/www.museuhistoricosl.com.br\/loja\/wp-json\/wp\/v2\/media\/46245"}],"wp:attachment":[{"href":"https:\/\/www.museuhistoricosl.com.br\/loja\/wp-json\/wp\/v2\/media?parent=46246"}],"wp:term":[{"taxonomy":"product_cat","embeddable":true,"href":"https:\/\/www.museuhistoricosl.com.br\/loja\/wp-json\/wp\/v2\/product_cat?post=46246"},{"taxonomy":"product_tag","embeddable":true,"href":"https:\/\/www.museuhistoricosl.com.br\/loja\/wp-json\/wp\/v2\/product_tag?post=46246"}],"curies":[{"name":"wp","href":"https:\/\/api.w.org\/{rel}","templated":true}]}}

<p>Associação Comercial e Industrial em reunião com a Brigada Militar: campanha na Scharlau para melhorar serviço policial. 05/12/1985. &#8211; Código anterior de catálogo:FD 82-22; Política São Leopoldo; </p>

<p>Associação Comercial e Industrial em reunião com a Brigada Militar: campanha na Scharlau para melhorar serviço policial. 05/12/1985. &#8211; Código</p>
