{"id":46206,"date":"2022-01-21T10:50:00","date_gmt":"2022-01-21T13:50:00","guid":{"rendered":"https:\/\/www.museuhistoricosl.com.br\/loja\/produto\/sl082-fd-0002\/"},"modified":"2022-01-21T10:50:00","modified_gmt":"2022-01-21T13:50:00","slug":"sl082-fd-0002","status":"publish","type":"product","link":"https:\/\/www.museuhistoricosl.com.br\/loja\/produto\/sl082-fd-0002\/","title":{"rendered":"SL082-FD-0002"},"content":{"rendered":"<p>Prefeitura Municipal. Reuni\u00e3o para discutir problemas do munic\u00edpio. 26\/09\/1983. &#8211; C\u00f3digo anterior de cat\u00e1logo:FD 82-02; Pol\u00edtica S\u00e3o Leopoldo; <\/p>\n","protected":false},"excerpt":{"rendered":"<p>Prefeitura Municipal. Reuni\u00e3o para discutir problemas do munic\u00edpio. 26\/09\/1983. &#8211; C\u00f3digo anterior de cat\u00e1logo:FD 82-02; Pol\u00edtica S\u00e3o Leopoldo;<\/p>\n","protected":false},"featured_media":46205,"comment_status":"open","ping_status":"closed","template":"","meta":{"_acf_changed":false},"product_cat":[111],"product_tag":[],"class_list":["post-46206","product","type-product","status-publish","has-post-thumbnail","hentry","product_cat-politica-sao-leopoldo"],"acf":[],"_links":{"self":[{"href":"https:\/\/www.museuhistoricosl.com.br\/loja\/wp-json\/wp\/v2\/product\/46206","targetHints":{"allow":["GET"]}}],"collection":[{"href":"https:\/\/www.museuhistoricosl.com.br\/loja\/wp-json\/wp\/v2\/product"}],"about":[{"href":"https:\/\/www.museuhistoricosl.com.br\/loja\/wp-json\/wp\/v2\/types\/product"}],"replies":[{"embeddable":true,"href":"https:\/\/www.museuhistoricosl.com.br\/loja\/wp-json\/wp\/v2\/comments?post=46206"}],"wp:featuredmedia":[{"embeddable":true,"href":"https:\/\/www.museuhistoricosl.com.br\/loja\/wp-json\/wp\/v2\/media\/46205"}],"wp:attachment":[{"href":"https:\/\/www.museuhistoricosl.com.br\/loja\/wp-json\/wp\/v2\/media?parent=46206"}],"wp:term":[{"taxonomy":"product_cat","embeddable":true,"href":"https:\/\/www.museuhistoricosl.com.br\/loja\/wp-json\/wp\/v2\/product_cat?post=46206"},{"taxonomy":"product_tag","embeddable":true,"href":"https:\/\/www.museuhistoricosl.com.br\/loja\/wp-json\/wp\/v2\/product_tag?post=46206"}],"curies":[{"name":"wp","href":"https:\/\/api.w.org\/{rel}","templated":true}]}}

<p>Prefeitura Municipal. Reunião para discutir problemas do município. 26/09/1983. &#8211; Código anterior de catálogo:FD 82-02; Política São Leopoldo; </p>

<p>Prefeitura Municipal. Reunião para discutir problemas do município. 26/09/1983. &#8211; Código anterior de catálogo:FD 82-02; Política São Leopoldo;</p>
