{"id":44191,"date":"2022-01-21T09:57:24","date_gmt":"2022-01-21T12:57:24","guid":{"rendered":"https:\/\/www.museuhistoricosl.com.br\/loja\/produto\/sl106-fd-0010\/"},"modified":"2022-01-21T09:57:24","modified_gmt":"2022-01-21T12:57:24","slug":"sl106-fd-0010","status":"publish","type":"product","link":"https:\/\/www.museuhistoricosl.com.br\/loja\/produto\/sl106-fd-0010\/","title":{"rendered":"SL106-FD-0010"},"content":{"rendered":"<p>Conven\u00e7\u00e3o do PMDB; Personalidades pol\u00edticas; <\/p>\n","protected":false},"excerpt":{"rendered":"<p>Conven\u00e7\u00e3o do PMDB; Personalidades pol\u00edticas;<\/p>\n","protected":false},"featured_media":44190,"comment_status":"open","ping_status":"closed","template":"","meta":{"_acf_changed":false},"product_cat":[108],"product_tag":[],"class_list":["post-44191","product","type-product","status-publish","has-post-thumbnail","hentry","product_cat-personalidades-politicas"],"acf":[],"_links":{"self":[{"href":"https:\/\/www.museuhistoricosl.com.br\/loja\/wp-json\/wp\/v2\/product\/44191","targetHints":{"allow":["GET"]}}],"collection":[{"href":"https:\/\/www.museuhistoricosl.com.br\/loja\/wp-json\/wp\/v2\/product"}],"about":[{"href":"https:\/\/www.museuhistoricosl.com.br\/loja\/wp-json\/wp\/v2\/types\/product"}],"replies":[{"embeddable":true,"href":"https:\/\/www.museuhistoricosl.com.br\/loja\/wp-json\/wp\/v2\/comments?post=44191"}],"wp:featuredmedia":[{"embeddable":true,"href":"https:\/\/www.museuhistoricosl.com.br\/loja\/wp-json\/wp\/v2\/media\/44190"}],"wp:attachment":[{"href":"https:\/\/www.museuhistoricosl.com.br\/loja\/wp-json\/wp\/v2\/media?parent=44191"}],"wp:term":[{"taxonomy":"product_cat","embeddable":true,"href":"https:\/\/www.museuhistoricosl.com.br\/loja\/wp-json\/wp\/v2\/product_cat?post=44191"},{"taxonomy":"product_tag","embeddable":true,"href":"https:\/\/www.museuhistoricosl.com.br\/loja\/wp-json\/wp\/v2\/product_tag?post=44191"}],"curies":[{"name":"wp","href":"https:\/\/api.w.org\/{rel}","templated":true}]}}

<p>Convenção do PMDB; Personalidades políticas; </p>

<p>Convenção do PMDB; Personalidades políticas;</p>
