{"id":44106,"date":"2022-01-19T16:05:55","date_gmt":"2022-01-19T19:05:55","guid":{"rendered":"https:\/\/www.museuhistoricosl.com.br\/loja\/produto\/sl049-fd-0121\/"},"modified":"2022-01-19T16:05:55","modified_gmt":"2022-01-19T19:05:55","slug":"sl049-fd-0121","status":"publish","type":"product","link":"https:\/\/www.museuhistoricosl.com.br\/loja\/produto\/sl049-fd-0121\/","title":{"rendered":"SL049-FD-0121"},"content":{"rendered":"<p>Hospital de Nova Petr\u00f3polis, constru\u00eddo e mantido pela Ordem Auxiliadora de Senhoras evang\u00e9licas (OASE), vinculada a Igreja Evang\u00e9lica de Confiss\u00e3o Luterana no Brasil (IECLB), 1961.  &#8211; C\u00f3digo anterior de cat\u00e1logo:FD 49-121; Outros munic\u00edpios desmembrados de S\u00e3o Leopoldo; <\/p>\n","protected":false},"excerpt":{"rendered":"<p>Hospital de Nova Petr\u00f3polis, constru\u00eddo e mantido pela Ordem Auxiliadora de Senhoras evang\u00e9licas (OASE), vinculada a Igreja Evang\u00e9lica de Confiss\u00e3o<\/p>\n","protected":false},"featured_media":44105,"comment_status":"open","ping_status":"closed","template":"","meta":{"_acf_changed":false},"product_cat":[107],"product_tag":[],"class_list":["post-44106","product","type-product","status-publish","has-post-thumbnail","hentry","product_cat-outros-municipios-desmembrados-de-sao-leopoldo"],"acf":[],"_links":{"self":[{"href":"https:\/\/www.museuhistoricosl.com.br\/loja\/wp-json\/wp\/v2\/product\/44106","targetHints":{"allow":["GET"]}}],"collection":[{"href":"https:\/\/www.museuhistoricosl.com.br\/loja\/wp-json\/wp\/v2\/product"}],"about":[{"href":"https:\/\/www.museuhistoricosl.com.br\/loja\/wp-json\/wp\/v2\/types\/product"}],"replies":[{"embeddable":true,"href":"https:\/\/www.museuhistoricosl.com.br\/loja\/wp-json\/wp\/v2\/comments?post=44106"}],"wp:featuredmedia":[{"embeddable":true,"href":"https:\/\/www.museuhistoricosl.com.br\/loja\/wp-json\/wp\/v2\/media\/44105"}],"wp:attachment":[{"href":"https:\/\/www.museuhistoricosl.com.br\/loja\/wp-json\/wp\/v2\/media?parent=44106"}],"wp:term":[{"taxonomy":"product_cat","embeddable":true,"href":"https:\/\/www.museuhistoricosl.com.br\/loja\/wp-json\/wp\/v2\/product_cat?post=44106"},{"taxonomy":"product_tag","embeddable":true,"href":"https:\/\/www.museuhistoricosl.com.br\/loja\/wp-json\/wp\/v2\/product_tag?post=44106"}],"curies":[{"name":"wp","href":"https:\/\/api.w.org\/{rel}","templated":true}]}}