{"id":44098,"date":"2022-01-19T16:05:52","date_gmt":"2022-01-19T19:05:52","guid":{"rendered":"https:\/\/www.museuhistoricosl.com.br\/loja\/produto\/sl049-fd-0117\/"},"modified":"2022-01-19T16:05:52","modified_gmt":"2022-01-19T19:05:52","slug":"sl049-fd-0117","status":"publish","type":"product","link":"https:\/\/www.museuhistoricosl.com.br\/loja\/produto\/sl049-fd-0117\/","title":{"rendered":"SL049-FD-0117"},"content":{"rendered":"<p>Casa comercial de Jorge Kuhn &#038; Cia., em Picada Caf\u00e9, na \u00e9poca distrito de Nova Petr\u00f3polis (Picada Caf\u00e9 se emancipou de Nova Petr\u00f3polis em 20 de mar\u00e7o de 1992).  &#8211; C\u00f3digo anterior de cat\u00e1logo:FD 49-117; Outros munic\u00edpios desmembrados de S\u00e3o Leopoldo; <\/p>\n","protected":false},"excerpt":{"rendered":"<p>Casa comercial de Jorge Kuhn &#038; Cia., em Picada Caf\u00e9, na \u00e9poca distrito de Nova Petr\u00f3polis (Picada Caf\u00e9 se emancipou<\/p>\n","protected":false},"featured_media":44097,"comment_status":"open","ping_status":"closed","template":"","meta":{"_acf_changed":false},"product_cat":[107],"product_tag":[],"class_list":["post-44098","product","type-product","status-publish","has-post-thumbnail","hentry","product_cat-outros-municipios-desmembrados-de-sao-leopoldo"],"acf":[],"_links":{"self":[{"href":"https:\/\/www.museuhistoricosl.com.br\/loja\/wp-json\/wp\/v2\/product\/44098","targetHints":{"allow":["GET"]}}],"collection":[{"href":"https:\/\/www.museuhistoricosl.com.br\/loja\/wp-json\/wp\/v2\/product"}],"about":[{"href":"https:\/\/www.museuhistoricosl.com.br\/loja\/wp-json\/wp\/v2\/types\/product"}],"replies":[{"embeddable":true,"href":"https:\/\/www.museuhistoricosl.com.br\/loja\/wp-json\/wp\/v2\/comments?post=44098"}],"wp:featuredmedia":[{"embeddable":true,"href":"https:\/\/www.museuhistoricosl.com.br\/loja\/wp-json\/wp\/v2\/media\/44097"}],"wp:attachment":[{"href":"https:\/\/www.museuhistoricosl.com.br\/loja\/wp-json\/wp\/v2\/media?parent=44098"}],"wp:term":[{"taxonomy":"product_cat","embeddable":true,"href":"https:\/\/www.museuhistoricosl.com.br\/loja\/wp-json\/wp\/v2\/product_cat?post=44098"},{"taxonomy":"product_tag","embeddable":true,"href":"https:\/\/www.museuhistoricosl.com.br\/loja\/wp-json\/wp\/v2\/product_tag?post=44098"}],"curies":[{"name":"wp","href":"https:\/\/api.w.org\/{rel}","templated":true}]}}

<p>Casa comercial de Jorge Kuhn &#038; Cia., em Picada Café, na época distrito de Nova Petrópolis (Picada Café se emancipou de Nova Petrópolis em 20 de março de 1992).  &#8211; Código anterior de catálogo:FD 49-117; Outros municípios desmembrados de São Leopoldo; </p>

<p>Casa comercial de Jorge Kuhn &#038; Cia., em Picada Café, na época distrito de Nova Petrópolis (Picada Café se emancipou</p>
