{"id":44020,"date":"2022-01-19T16:05:01","date_gmt":"2022-01-19T19:05:01","guid":{"rendered":"https:\/\/www.museuhistoricosl.com.br\/loja\/produto\/sl049-fd-0078\/"},"modified":"2022-01-19T16:05:01","modified_gmt":"2022-01-19T19:05:01","slug":"sl049-fd-0078","status":"publish","type":"product","link":"https:\/\/www.museuhistoricosl.com.br\/loja\/produto\/sl049-fd-0078\/","title":{"rendered":"SL049-FD-0078"},"content":{"rendered":"<p>Cerim\u00f4nia de Primeira Comunh\u00e3o. Da esquerda para a direita, na fila de cima: Jos\u00e9; Arno Utzig; Claudio; _____; Leo; Analia; Ivo; fila do meio: L\u00facia; Elisabeta; Teresinha; Padre Urbano; Jorge Hansen; Valeria e a menina Jacinta; Jorge; na fila de baixo: Jacinta; Lurdes; Miguel. Munic\u00edpio de Nova Petr\u00f3polis. &#8211; C\u00f3digo anterior de cat\u00e1logo:FD 49-78; Outros munic\u00edpios desmembrados de S\u00e3o Leopoldo; <\/p>\n","protected":false},"excerpt":{"rendered":"<p>Cerim\u00f4nia de Primeira Comunh\u00e3o. Da esquerda para a direita, na fila de cima: Jos\u00e9; Arno Utzig; Claudio; _____; Leo; Analia;<\/p>\n","protected":false},"featured_media":44019,"comment_status":"open","ping_status":"closed","template":"","meta":{"_acf_changed":false},"product_cat":[107],"product_tag":[],"class_list":["post-44020","product","type-product","status-publish","has-post-thumbnail","hentry","product_cat-outros-municipios-desmembrados-de-sao-leopoldo"],"acf":[],"_links":{"self":[{"href":"https:\/\/www.museuhistoricosl.com.br\/loja\/wp-json\/wp\/v2\/product\/44020","targetHints":{"allow":["GET"]}}],"collection":[{"href":"https:\/\/www.museuhistoricosl.com.br\/loja\/wp-json\/wp\/v2\/product"}],"about":[{"href":"https:\/\/www.museuhistoricosl.com.br\/loja\/wp-json\/wp\/v2\/types\/product"}],"replies":[{"embeddable":true,"href":"https:\/\/www.museuhistoricosl.com.br\/loja\/wp-json\/wp\/v2\/comments?post=44020"}],"wp:featuredmedia":[{"embeddable":true,"href":"https:\/\/www.museuhistoricosl.com.br\/loja\/wp-json\/wp\/v2\/media\/44019"}],"wp:attachment":[{"href":"https:\/\/www.museuhistoricosl.com.br\/loja\/wp-json\/wp\/v2\/media?parent=44020"}],"wp:term":[{"taxonomy":"product_cat","embeddable":true,"href":"https:\/\/www.museuhistoricosl.com.br\/loja\/wp-json\/wp\/v2\/product_cat?post=44020"},{"taxonomy":"product_tag","embeddable":true,"href":"https:\/\/www.museuhistoricosl.com.br\/loja\/wp-json\/wp\/v2\/product_tag?post=44020"}],"curies":[{"name":"wp","href":"https:\/\/api.w.org\/{rel}","templated":true}]}}

<p>Cerimônia de Primeira Comunhão. Da esquerda para a direita, na fila de cima: José; Arno Utzig; Claudio; _____; Leo; Analia; Ivo; fila do meio: Lúcia; Elisabeta; Teresinha; Padre Urbano; Jorge Hansen; Valeria e a menina Jacinta; Jorge; na fila de baixo: Jacinta; Lurdes; Miguel. Município de Nova Petrópolis. &#8211; Código anterior de catálogo:FD 49-78; Outros municípios desmembrados de São Leopoldo; </p>

<p>Cerimônia de Primeira Comunhão. Da esquerda para a direita, na fila de cima: José; Arno Utzig; Claudio; _____; Leo; Analia;</p>
