{"id":43996,"date":"2022-01-19T16:04:46","date_gmt":"2022-01-19T19:04:46","guid":{"rendered":"https:\/\/www.museuhistoricosl.com.br\/loja\/produto\/sl049-fd-0066\/"},"modified":"2022-01-19T16:04:46","modified_gmt":"2022-01-19T19:04:46","slug":"sl049-fd-0066","status":"publish","type":"product","link":"https:\/\/www.museuhistoricosl.com.br\/loja\/produto\/sl049-fd-0066\/","title":{"rendered":"SL049-FD-0066"},"content":{"rendered":"<p>Gesangverein (Sociedade de Canto) de Linha Brasil, no munic\u00edpio de Nova Petr\u00f3polis. O terceiro de p\u00e9, da direita para a esquerda, \u00e9 Fridolino Noll.  &#8211; C\u00f3digo anterior de cat\u00e1logo:FD 49-66; Outros munic\u00edpios desmembrados de S\u00e3o Leopoldo; <\/p>\n","protected":false},"excerpt":{"rendered":"<p>Gesangverein (Sociedade de Canto) de Linha Brasil, no munic\u00edpio de Nova Petr\u00f3polis. O terceiro de p\u00e9, da direita para a<\/p>\n","protected":false},"featured_media":43995,"comment_status":"open","ping_status":"closed","template":"","meta":{"_acf_changed":false},"product_cat":[107],"product_tag":[],"class_list":["post-43996","product","type-product","status-publish","has-post-thumbnail","hentry","product_cat-outros-municipios-desmembrados-de-sao-leopoldo"],"acf":[],"_links":{"self":[{"href":"https:\/\/www.museuhistoricosl.com.br\/loja\/wp-json\/wp\/v2\/product\/43996","targetHints":{"allow":["GET"]}}],"collection":[{"href":"https:\/\/www.museuhistoricosl.com.br\/loja\/wp-json\/wp\/v2\/product"}],"about":[{"href":"https:\/\/www.museuhistoricosl.com.br\/loja\/wp-json\/wp\/v2\/types\/product"}],"replies":[{"embeddable":true,"href":"https:\/\/www.museuhistoricosl.com.br\/loja\/wp-json\/wp\/v2\/comments?post=43996"}],"wp:featuredmedia":[{"embeddable":true,"href":"https:\/\/www.museuhistoricosl.com.br\/loja\/wp-json\/wp\/v2\/media\/43995"}],"wp:attachment":[{"href":"https:\/\/www.museuhistoricosl.com.br\/loja\/wp-json\/wp\/v2\/media?parent=43996"}],"wp:term":[{"taxonomy":"product_cat","embeddable":true,"href":"https:\/\/www.museuhistoricosl.com.br\/loja\/wp-json\/wp\/v2\/product_cat?post=43996"},{"taxonomy":"product_tag","embeddable":true,"href":"https:\/\/www.museuhistoricosl.com.br\/loja\/wp-json\/wp\/v2\/product_tag?post=43996"}],"curies":[{"name":"wp","href":"https:\/\/api.w.org\/{rel}","templated":true}]}}

<p>Gesangverein (Sociedade de Canto) de Linha Brasil, no município de Nova Petrópolis. O terceiro de pé, da direita para a esquerda, é Fridolino Noll.  &#8211; Código anterior de catálogo:FD 49-66; Outros municípios desmembrados de São Leopoldo; </p>

<p>Gesangverein (Sociedade de Canto) de Linha Brasil, no município de Nova Petrópolis. O terceiro de pé, da direita para a</p>
