{"id":43928,"date":"2022-01-19T16:04:09","date_gmt":"2022-01-19T19:04:09","guid":{"rendered":"https:\/\/www.museuhistoricosl.com.br\/loja\/produto\/sl049-fd-0032\/"},"modified":"2022-01-19T16:04:09","modified_gmt":"2022-01-19T19:04:09","slug":"sl049-fd-0032","status":"publish","type":"product","link":"https:\/\/www.museuhistoricosl.com.br\/loja\/produto\/sl049-fd-0032\/","title":{"rendered":"SL049-FD-0032"},"content":{"rendered":"<p>Sociedade Harmonia de Ivoti. Foto tirada antes da Nacionaliza\u00e7\u00e3o promovida pelo Estado Novo, a partir de 1937, quando foi proibido o uso de nomes estrangeiros no pa\u00eds. &#8211; C\u00f3digo anterior de cat\u00e1logo:FD 49-32; Outros munic\u00edpios desmembrados de S\u00e3o Leopoldo; <\/p>\n","protected":false},"excerpt":{"rendered":"<p>Sociedade Harmonia de Ivoti. Foto tirada antes da Nacionaliza\u00e7\u00e3o promovida pelo Estado Novo, a partir de 1937, quando foi proibido<\/p>\n","protected":false},"featured_media":43927,"comment_status":"open","ping_status":"closed","template":"","meta":{"_acf_changed":false},"product_cat":[107],"product_tag":[],"class_list":["post-43928","product","type-product","status-publish","has-post-thumbnail","hentry","product_cat-outros-municipios-desmembrados-de-sao-leopoldo"],"acf":[],"_links":{"self":[{"href":"https:\/\/www.museuhistoricosl.com.br\/loja\/wp-json\/wp\/v2\/product\/43928","targetHints":{"allow":["GET"]}}],"collection":[{"href":"https:\/\/www.museuhistoricosl.com.br\/loja\/wp-json\/wp\/v2\/product"}],"about":[{"href":"https:\/\/www.museuhistoricosl.com.br\/loja\/wp-json\/wp\/v2\/types\/product"}],"replies":[{"embeddable":true,"href":"https:\/\/www.museuhistoricosl.com.br\/loja\/wp-json\/wp\/v2\/comments?post=43928"}],"wp:featuredmedia":[{"embeddable":true,"href":"https:\/\/www.museuhistoricosl.com.br\/loja\/wp-json\/wp\/v2\/media\/43927"}],"wp:attachment":[{"href":"https:\/\/www.museuhistoricosl.com.br\/loja\/wp-json\/wp\/v2\/media?parent=43928"}],"wp:term":[{"taxonomy":"product_cat","embeddable":true,"href":"https:\/\/www.museuhistoricosl.com.br\/loja\/wp-json\/wp\/v2\/product_cat?post=43928"},{"taxonomy":"product_tag","embeddable":true,"href":"https:\/\/www.museuhistoricosl.com.br\/loja\/wp-json\/wp\/v2\/product_tag?post=43928"}],"curies":[{"name":"wp","href":"https:\/\/api.w.org\/{rel}","templated":true}]}}

<p>Sociedade Harmonia de Ivoti. Foto tirada antes da Nacionalização promovida pelo Estado Novo, a partir de 1937, quando foi proibido o uso de nomes estrangeiros no país. &#8211; Código anterior de catálogo:FD 49-32; Outros municípios desmembrados de São Leopoldo; </p>

<p>Sociedade Harmonia de Ivoti. Foto tirada antes da Nacionalização promovida pelo Estado Novo, a partir de 1937, quando foi proibido</p>
