{"id":43142,"date":"2022-01-19T15:56:05","date_gmt":"2022-01-19T18:56:05","guid":{"rendered":"https:\/\/www.museuhistoricosl.com.br\/loja\/produto\/rs049-fd-0161\/"},"modified":"2022-01-19T15:56:05","modified_gmt":"2022-01-19T18:56:05","slug":"rs049-fd-0161","status":"publish","type":"product","link":"https:\/\/www.museuhistoricosl.com.br\/loja\/produto\/rs049-fd-0161\/","title":{"rendered":"RS049-FD-0161"},"content":{"rendered":"<p>Funda\u00e7\u00e3o Hospitalar Educacional e Social de Port\u00e3o, vista da frente, 15\/08\/1989, Foto Rosecler; Outros munic\u00edpios desmembrados de S\u00e3o Leopoldo; <\/p>\n","protected":false},"excerpt":{"rendered":"<p>Funda\u00e7\u00e3o Hospitalar Educacional e Social de Port\u00e3o, vista da frente, 15\/08\/1989, Foto Rosecler; Outros munic\u00edpios desmembrados de S\u00e3o Leopoldo;<\/p>\n","protected":false},"featured_media":43141,"comment_status":"open","ping_status":"closed","template":"","meta":{"_acf_changed":false},"product_cat":[107],"product_tag":[],"class_list":["post-43142","product","type-product","status-publish","has-post-thumbnail","hentry","product_cat-outros-municipios-desmembrados-de-sao-leopoldo"],"acf":[],"_links":{"self":[{"href":"https:\/\/www.museuhistoricosl.com.br\/loja\/wp-json\/wp\/v2\/product\/43142","targetHints":{"allow":["GET"]}}],"collection":[{"href":"https:\/\/www.museuhistoricosl.com.br\/loja\/wp-json\/wp\/v2\/product"}],"about":[{"href":"https:\/\/www.museuhistoricosl.com.br\/loja\/wp-json\/wp\/v2\/types\/product"}],"replies":[{"embeddable":true,"href":"https:\/\/www.museuhistoricosl.com.br\/loja\/wp-json\/wp\/v2\/comments?post=43142"}],"wp:featuredmedia":[{"embeddable":true,"href":"https:\/\/www.museuhistoricosl.com.br\/loja\/wp-json\/wp\/v2\/media\/43141"}],"wp:attachment":[{"href":"https:\/\/www.museuhistoricosl.com.br\/loja\/wp-json\/wp\/v2\/media?parent=43142"}],"wp:term":[{"taxonomy":"product_cat","embeddable":true,"href":"https:\/\/www.museuhistoricosl.com.br\/loja\/wp-json\/wp\/v2\/product_cat?post=43142"},{"taxonomy":"product_tag","embeddable":true,"href":"https:\/\/www.museuhistoricosl.com.br\/loja\/wp-json\/wp\/v2\/product_tag?post=43142"}],"curies":[{"name":"wp","href":"https:\/\/api.w.org\/{rel}","templated":true}]}}

<p>Fundação Hospitalar Educacional e Social de Portão, vista da frente, 15/08/1989, Foto Rosecler; Outros municípios desmembrados de São Leopoldo; </p>

<p>Fundação Hospitalar Educacional e Social de Portão, vista da frente, 15/08/1989, Foto Rosecler; Outros municípios desmembrados de São Leopoldo;</p>
