{"id":42132,"date":"2022-01-18T16:04:21","date_gmt":"2022-01-18T19:04:21","guid":{"rendered":"https:\/\/www.museuhistoricosl.com.br\/loja\/produto\/sl067-fd-0029\/"},"modified":"2022-01-18T16:04:21","modified_gmt":"2022-01-18T19:04:21","slug":"sl067-fd-0029","status":"publish","type":"product","link":"https:\/\/www.museuhistoricosl.com.br\/loja\/produto\/sl067-fd-0029\/","title":{"rendered":"SL067-FD-0029"},"content":{"rendered":"<p>Pra\u00e7a da Esta\u00e7\u00e3o em dia festivo, S\u00e3o Leopoldo, 21\/09\/1924, centen\u00e1rio da Imigra\u00e7\u00e3o Alem\u00e3, chegada de Borges de Medeiros; Museu do Trem &#8211; S\u00e3o Leopoldo; <\/p>\n","protected":false},"excerpt":{"rendered":"<p>Pra\u00e7a da Esta\u00e7\u00e3o em dia festivo, S\u00e3o Leopoldo, 21\/09\/1924, centen\u00e1rio da Imigra\u00e7\u00e3o Alem\u00e3, chegada de Borges de Medeiros; Museu do<\/p>\n","protected":false},"featured_media":42131,"comment_status":"open","ping_status":"closed","template":"","meta":{"_acf_changed":false},"product_cat":[103],"product_tag":[],"class_list":["post-42132","product","type-product","status-publish","has-post-thumbnail","hentry","product_cat-museu-do-trem-sao-leopoldo"],"acf":[],"_links":{"self":[{"href":"https:\/\/www.museuhistoricosl.com.br\/loja\/wp-json\/wp\/v2\/product\/42132","targetHints":{"allow":["GET"]}}],"collection":[{"href":"https:\/\/www.museuhistoricosl.com.br\/loja\/wp-json\/wp\/v2\/product"}],"about":[{"href":"https:\/\/www.museuhistoricosl.com.br\/loja\/wp-json\/wp\/v2\/types\/product"}],"replies":[{"embeddable":true,"href":"https:\/\/www.museuhistoricosl.com.br\/loja\/wp-json\/wp\/v2\/comments?post=42132"}],"wp:featuredmedia":[{"embeddable":true,"href":"https:\/\/www.museuhistoricosl.com.br\/loja\/wp-json\/wp\/v2\/media\/42131"}],"wp:attachment":[{"href":"https:\/\/www.museuhistoricosl.com.br\/loja\/wp-json\/wp\/v2\/media?parent=42132"}],"wp:term":[{"taxonomy":"product_cat","embeddable":true,"href":"https:\/\/www.museuhistoricosl.com.br\/loja\/wp-json\/wp\/v2\/product_cat?post=42132"},{"taxonomy":"product_tag","embeddable":true,"href":"https:\/\/www.museuhistoricosl.com.br\/loja\/wp-json\/wp\/v2\/product_tag?post=42132"}],"curies":[{"name":"wp","href":"https:\/\/api.w.org\/{rel}","templated":true}]}}

<p>Praça da Estação em dia festivo, São Leopoldo, 21/09/1924, centenário da Imigração Alemã, chegada de Borges de Medeiros; Museu do Trem &#8211; São Leopoldo; </p>

<p>Praça da Estação em dia festivo, São Leopoldo, 21/09/1924, centenário da Imigração Alemã, chegada de Borges de Medeiros; Museu do</p>
