{"id":42100,"date":"2022-01-18T16:04:04","date_gmt":"2022-01-18T19:04:04","guid":{"rendered":"https:\/\/www.museuhistoricosl.com.br\/loja\/produto\/sl067-fd-0013\/"},"modified":"2022-01-18T16:04:04","modified_gmt":"2022-01-18T19:04:04","slug":"sl067-fd-0013","status":"publish","type":"product","link":"https:\/\/www.museuhistoricosl.com.br\/loja\/produto\/sl067-fd-0013\/","title":{"rendered":"SL067-FD-0013"},"content":{"rendered":"<p>Solenidade junto ao Museu do Trem em 13\/04\/1999 nos 125 anos da partida do 1\u00ba trem no RGS para Porto Alegre. Houve entrega de diplomas de reconhecimento a pessoas que se destacaram na vida do Museu. As fotos registram essa entrega, sendo da esq. para direita: 1. Alejandro Malo, Diretor do Depto. de Cultura., Paula Machado, radialista, Henrique da Costa Prieto, ex=presidente, de quem partiu a id\u00e9ia do Museu, Ronaldo Ribas, Pre., Iara Costa, Sec. Mun. Educa\u00e7\u00e3o e Cultura., 2. Malo, Machado, Prieto, Ronaldo Feij\u00f3 Ribas, Prefeito de S\u00e3o Leopoldo, Iara, Rosana Almendares, artista pl\u00e1stica, Temo Lauro M\u00fcller, Diretor do Museu H.V.S.L., Ad\u00e3o Faraco, Pres. da Trensurb, Germano Oscar Moehhhlecke, funcion\u00e1rio do Museu do trem, Winckler, historiador da estrada de ferro, representante da Rede Ferro Federal., 3. Hora do Hino Nacional pela Banda do 19 BIMtz, as pessoas podem ser nominadas pela outra foto., Assinado Telmo, Foto Sidney; Museu do Trem &#8211; S\u00e3o Leopoldo; <\/p>\n","protected":false},"excerpt":{"rendered":"<p>Solenidade junto ao Museu do Trem em 13\/04\/1999 nos 125 anos da partida do 1\u00ba trem no RGS para Porto<\/p>\n","protected":false},"featured_media":42099,"comment_status":"open","ping_status":"closed","template":"","meta":{"_acf_changed":false},"product_cat":[103],"product_tag":[],"class_list":["post-42100","product","type-product","status-publish","has-post-thumbnail","hentry","product_cat-museu-do-trem-sao-leopoldo"],"acf":[],"_links":{"self":[{"href":"https:\/\/www.museuhistoricosl.com.br\/loja\/wp-json\/wp\/v2\/product\/42100","targetHints":{"allow":["GET"]}}],"collection":[{"href":"https:\/\/www.museuhistoricosl.com.br\/loja\/wp-json\/wp\/v2\/product"}],"about":[{"href":"https:\/\/www.museuhistoricosl.com.br\/loja\/wp-json\/wp\/v2\/types\/product"}],"replies":[{"embeddable":true,"href":"https:\/\/www.museuhistoricosl.com.br\/loja\/wp-json\/wp\/v2\/comments?post=42100"}],"wp:featuredmedia":[{"embeddable":true,"href":"https:\/\/www.museuhistoricosl.com.br\/loja\/wp-json\/wp\/v2\/media\/42099"}],"wp:attachment":[{"href":"https:\/\/www.museuhistoricosl.com.br\/loja\/wp-json\/wp\/v2\/media?parent=42100"}],"wp:term":[{"taxonomy":"product_cat","embeddable":true,"href":"https:\/\/www.museuhistoricosl.com.br\/loja\/wp-json\/wp\/v2\/product_cat?post=42100"},{"taxonomy":"product_tag","embeddable":true,"href":"https:\/\/www.museuhistoricosl.com.br\/loja\/wp-json\/wp\/v2\/product_tag?post=42100"}],"curies":[{"name":"wp","href":"https:\/\/api.w.org\/{rel}","templated":true}]}}

<p>Solenidade junto ao Museu do Trem em 13/04/1999 nos 125 anos da partida do 1º trem no RGS para Porto Alegre. Houve entrega de diplomas de reconhecimento a pessoas que se destacaram na vida do Museu. As fotos registram essa entrega, sendo da esq. para direita: 1. Alejandro Malo, Diretor do Depto. de Cultura., Paula Machado, radialista, Henrique da Costa Prieto, ex=presidente, de quem partiu a idéia do Museu, Ronaldo Ribas, Pre., Iara Costa, Sec. Mun. Educação e Cultura., 2. Malo, Machado, Prieto, Ronaldo Feijó Ribas, Prefeito de São Leopoldo, Iara, Rosana Almendares, artista plástica, Temo Lauro Müller, Diretor do Museu H.V.S.L., Adão Faraco, Pres. da Trensurb, Germano Oscar Moehhhlecke, funcionário do Museu do trem, Winckler, historiador da estrada de ferro, representante da Rede Ferro Federal., 3. Hora do Hino Nacional pela Banda do 19 BIMtz, as pessoas podem ser nominadas pela outra foto., Assinado Telmo, Foto Sidney; Museu do Trem &#8211; São Leopoldo; </p>

<p>Solenidade junto ao Museu do Trem em 13/04/1999 nos 125 anos da partida do 1º trem no RGS para Porto</p>
