{"id":41841,"date":"2022-01-18T15:54:44","date_gmt":"2022-01-18T18:54:44","guid":{"rendered":"https:\/\/www.museuhistoricosl.com.br\/loja\/produto\/sl063-fd-0021\/"},"modified":"2022-01-18T15:54:44","modified_gmt":"2022-01-18T18:54:44","slug":"sl063-fd-0021","status":"publish","type":"product","link":"https:\/\/www.museuhistoricosl.com.br\/loja\/produto\/sl063-fd-0021\/","title":{"rendered":"SL063-FD-0021"},"content":{"rendered":"<p>Monumento em homenagem ao centen\u00e1rio da imigra\u00e7\u00e3o alem\u00e3 (localizado na atual Pra\u00e7a do Imigrante), tendo, ao fundo, a Igreja Matriz Nossa Senhora da Concei\u00e7\u00e3o e o Gin\u00e1sio Concei\u00e7\u00e3o. &#8211; C\u00f3digo anterior de cat\u00e1logo:FD 63-21; Monumentos \u00e0 Imigra\u00e7\u00e3o; <\/p>\n","protected":false},"excerpt":{"rendered":"<p>Monumento em homenagem ao centen\u00e1rio da imigra\u00e7\u00e3o alem\u00e3 (localizado na atual Pra\u00e7a do Imigrante), tendo, ao fundo, a Igreja Matriz<\/p>\n","protected":false},"featured_media":41840,"comment_status":"open","ping_status":"closed","template":"","meta":{"_acf_changed":false},"product_cat":[102],"product_tag":[],"class_list":["post-41841","product","type-product","status-publish","has-post-thumbnail","hentry","product_cat-monumentos-a-imigracao"],"acf":[],"_links":{"self":[{"href":"https:\/\/www.museuhistoricosl.com.br\/loja\/wp-json\/wp\/v2\/product\/41841","targetHints":{"allow":["GET"]}}],"collection":[{"href":"https:\/\/www.museuhistoricosl.com.br\/loja\/wp-json\/wp\/v2\/product"}],"about":[{"href":"https:\/\/www.museuhistoricosl.com.br\/loja\/wp-json\/wp\/v2\/types\/product"}],"replies":[{"embeddable":true,"href":"https:\/\/www.museuhistoricosl.com.br\/loja\/wp-json\/wp\/v2\/comments?post=41841"}],"wp:featuredmedia":[{"embeddable":true,"href":"https:\/\/www.museuhistoricosl.com.br\/loja\/wp-json\/wp\/v2\/media\/41840"}],"wp:attachment":[{"href":"https:\/\/www.museuhistoricosl.com.br\/loja\/wp-json\/wp\/v2\/media?parent=41841"}],"wp:term":[{"taxonomy":"product_cat","embeddable":true,"href":"https:\/\/www.museuhistoricosl.com.br\/loja\/wp-json\/wp\/v2\/product_cat?post=41841"},{"taxonomy":"product_tag","embeddable":true,"href":"https:\/\/www.museuhistoricosl.com.br\/loja\/wp-json\/wp\/v2\/product_tag?post=41841"}],"curies":[{"name":"wp","href":"https:\/\/api.w.org\/{rel}","templated":true}]}}

<p>Monumento em homenagem ao centenário da imigração alemã (localizado na atual Praça do Imigrante), tendo, ao fundo, a Igreja Matriz Nossa Senhora da Conceição e o Ginásio Conceição. &#8211; Código anterior de catálogo:FD 63-21; Monumentos à Imigração; </p>

<p>Monumento em homenagem ao centenário da imigração alemã (localizado na atual Praça do Imigrante), tendo, ao fundo, a Igreja Matriz</p>
