{"id":41821,"date":"2022-01-18T15:54:31","date_gmt":"2022-01-18T18:54:31","guid":{"rendered":"https:\/\/www.museuhistoricosl.com.br\/loja\/produto\/sl063-fd-0011\/"},"modified":"2022-01-18T15:54:31","modified_gmt":"2022-01-18T18:54:31","slug":"sl063-fd-0011","status":"publish","type":"product","link":"https:\/\/www.museuhistoricosl.com.br\/loja\/produto\/sl063-fd-0011\/","title":{"rendered":"SL063-FD-0011"},"content":{"rendered":"<p>Vista do monumento em homenagem ao centen\u00e1rio da imigra\u00e7\u00e3o alem\u00e3 (localizado na atual Pra\u00e7a do Imigrante). Ao lado esquerdo da foto, o pr\u00e9dio do antigo Semin\u00e1rio Evang\u00e9lico para Forma\u00e7\u00e3o de Professores, atual C\u00e2mara Municipal de Vereadores de S\u00e3o Leopoldo. A torre que aparece \u00e0 esquerda da foto \u00e9 da Igreja de Cristo (Igreja do Rel\u00f3gio), da Igreja Evang\u00e9lica de Confiss\u00e3o Luterana no Brasil &#8211; IECLB. \u00c0 direita, Igreja Matriz Nossa Senhora da Concei\u00e7\u00e3o e parte da Ponte 25 de Julho.  &#8211; C\u00f3digo anterior de cat\u00e1logo:FD 63-11; Monumentos \u00e0 Imigra\u00e7\u00e3o; <\/p>\n","protected":false},"excerpt":{"rendered":"<p>Vista do monumento em homenagem ao centen\u00e1rio da imigra\u00e7\u00e3o alem\u00e3 (localizado na atual Pra\u00e7a do Imigrante). Ao lado esquerdo da<\/p>\n","protected":false},"featured_media":41820,"comment_status":"open","ping_status":"closed","template":"","meta":{"_acf_changed":false},"product_cat":[102],"product_tag":[],"class_list":["post-41821","product","type-product","status-publish","has-post-thumbnail","hentry","product_cat-monumentos-a-imigracao"],"acf":[],"_links":{"self":[{"href":"https:\/\/www.museuhistoricosl.com.br\/loja\/wp-json\/wp\/v2\/product\/41821","targetHints":{"allow":["GET"]}}],"collection":[{"href":"https:\/\/www.museuhistoricosl.com.br\/loja\/wp-json\/wp\/v2\/product"}],"about":[{"href":"https:\/\/www.museuhistoricosl.com.br\/loja\/wp-json\/wp\/v2\/types\/product"}],"replies":[{"embeddable":true,"href":"https:\/\/www.museuhistoricosl.com.br\/loja\/wp-json\/wp\/v2\/comments?post=41821"}],"wp:featuredmedia":[{"embeddable":true,"href":"https:\/\/www.museuhistoricosl.com.br\/loja\/wp-json\/wp\/v2\/media\/41820"}],"wp:attachment":[{"href":"https:\/\/www.museuhistoricosl.com.br\/loja\/wp-json\/wp\/v2\/media?parent=41821"}],"wp:term":[{"taxonomy":"product_cat","embeddable":true,"href":"https:\/\/www.museuhistoricosl.com.br\/loja\/wp-json\/wp\/v2\/product_cat?post=41821"},{"taxonomy":"product_tag","embeddable":true,"href":"https:\/\/www.museuhistoricosl.com.br\/loja\/wp-json\/wp\/v2\/product_tag?post=41821"}],"curies":[{"name":"wp","href":"https:\/\/api.w.org\/{rel}","templated":true}]}}

<p>Vista do monumento em homenagem ao centenário da imigração alemã (localizado na atual Praça do Imigrante). Ao lado esquerdo da foto, o prédio do antigo Seminário Evangélico para Formação de Professores, atual Câmara Municipal de Vereadores de São Leopoldo. A torre que aparece à esquerda da foto é da Igreja de Cristo (Igreja do Relógio), da Igreja Evangélica de Confissão Luterana no Brasil &#8211; IECLB. À direita, Igreja Matriz Nossa Senhora da Conceição e parte da Ponte 25 de Julho.  &#8211; Código anterior de catálogo:FD 63-11; Monumentos à Imigração; </p>

<p>Vista do monumento em homenagem ao centenário da imigração alemã (localizado na atual Praça do Imigrante). Ao lado esquerdo da</p>
