{"id":41819,"date":"2022-01-18T15:54:30","date_gmt":"2022-01-18T18:54:30","guid":{"rendered":"https:\/\/www.museuhistoricosl.com.br\/loja\/produto\/sl063-fd-0010\/"},"modified":"2022-01-18T15:54:30","modified_gmt":"2022-01-18T18:54:30","slug":"sl063-fd-0010","status":"publish","type":"product","link":"https:\/\/www.museuhistoricosl.com.br\/loja\/produto\/sl063-fd-0010\/","title":{"rendered":"SL063-FD-0010"},"content":{"rendered":"<p>Vista a\u00e9rea de parte de S\u00e3o Leopoldo: a Pra\u00e7a do Imigrante e, ao fundo, Semin\u00e1rio Evang\u00e9lico para Forma\u00e7\u00e3o de Professores, atual pr\u00e9dio da C\u00e2mara Municipal de Vereadores de S\u00e3o Leopoldo. &#8211; C\u00f3digo anterior de cat\u00e1logo:FD 63-10; Monumentos \u00e0 Imigra\u00e7\u00e3o; <\/p>\n","protected":false},"excerpt":{"rendered":"<p>Vista a\u00e9rea de parte de S\u00e3o Leopoldo: a Pra\u00e7a do Imigrante e, ao fundo, Semin\u00e1rio Evang\u00e9lico para Forma\u00e7\u00e3o de Professores,<\/p>\n","protected":false},"featured_media":41818,"comment_status":"open","ping_status":"closed","template":"","meta":{"_acf_changed":false},"product_cat":[102],"product_tag":[],"class_list":["post-41819","product","type-product","status-publish","has-post-thumbnail","hentry","product_cat-monumentos-a-imigracao"],"acf":[],"_links":{"self":[{"href":"https:\/\/www.museuhistoricosl.com.br\/loja\/wp-json\/wp\/v2\/product\/41819","targetHints":{"allow":["GET"]}}],"collection":[{"href":"https:\/\/www.museuhistoricosl.com.br\/loja\/wp-json\/wp\/v2\/product"}],"about":[{"href":"https:\/\/www.museuhistoricosl.com.br\/loja\/wp-json\/wp\/v2\/types\/product"}],"replies":[{"embeddable":true,"href":"https:\/\/www.museuhistoricosl.com.br\/loja\/wp-json\/wp\/v2\/comments?post=41819"}],"wp:featuredmedia":[{"embeddable":true,"href":"https:\/\/www.museuhistoricosl.com.br\/loja\/wp-json\/wp\/v2\/media\/41818"}],"wp:attachment":[{"href":"https:\/\/www.museuhistoricosl.com.br\/loja\/wp-json\/wp\/v2\/media?parent=41819"}],"wp:term":[{"taxonomy":"product_cat","embeddable":true,"href":"https:\/\/www.museuhistoricosl.com.br\/loja\/wp-json\/wp\/v2\/product_cat?post=41819"},{"taxonomy":"product_tag","embeddable":true,"href":"https:\/\/www.museuhistoricosl.com.br\/loja\/wp-json\/wp\/v2\/product_tag?post=41819"}],"curies":[{"name":"wp","href":"https:\/\/api.w.org\/{rel}","templated":true}]}}

<p>Vista aérea de parte de São Leopoldo: a Praça do Imigrante e, ao fundo, Seminário Evangélico para Formação de Professores, atual prédio da Câmara Municipal de Vereadores de São Leopoldo. &#8211; Código anterior de catálogo:FD 63-10; Monumentos à Imigração; </p>

<p>Vista aérea de parte de São Leopoldo: a Praça do Imigrante e, ao fundo, Seminário Evangélico para Formação de Professores,</p>
