{"id":41817,"date":"2022-01-18T15:54:30","date_gmt":"2022-01-18T18:54:30","guid":{"rendered":"https:\/\/www.museuhistoricosl.com.br\/loja\/produto\/sl063-fd-0009\/"},"modified":"2022-01-18T15:54:30","modified_gmt":"2022-01-18T18:54:30","slug":"sl063-fd-0009","status":"publish","type":"product","link":"https:\/\/www.museuhistoricosl.com.br\/loja\/produto\/sl063-fd-0009\/","title":{"rendered":"SL063-FD-0009"},"content":{"rendered":"<p>Vista do terreno onde est\u00e1 atualmente a Pra\u00e7a do Imigrante. V\u00ea-se o Monumento ao Imigrante e, ao fundo, o antigo Semin\u00e1rio Evang\u00e9lico para Forma\u00e7\u00e3o de Professores, atual pr\u00e9dio da C\u00e2mara Municipal de Vereadores de S\u00e3o Leopoldo. Mar\u00e7o de 1933. &#8211; C\u00f3digo anterior de cat\u00e1logo:FD 63-9; Monumentos \u00e0 Imigra\u00e7\u00e3o; <\/p>\n","protected":false},"excerpt":{"rendered":"<p>Vista do terreno onde est\u00e1 atualmente a Pra\u00e7a do Imigrante. V\u00ea-se o Monumento ao Imigrante e, ao fundo, o antigo<\/p>\n","protected":false},"featured_media":41816,"comment_status":"open","ping_status":"closed","template":"","meta":{"_acf_changed":false},"product_cat":[102],"product_tag":[],"class_list":["post-41817","product","type-product","status-publish","has-post-thumbnail","hentry","product_cat-monumentos-a-imigracao"],"acf":[],"_links":{"self":[{"href":"https:\/\/www.museuhistoricosl.com.br\/loja\/wp-json\/wp\/v2\/product\/41817","targetHints":{"allow":["GET"]}}],"collection":[{"href":"https:\/\/www.museuhistoricosl.com.br\/loja\/wp-json\/wp\/v2\/product"}],"about":[{"href":"https:\/\/www.museuhistoricosl.com.br\/loja\/wp-json\/wp\/v2\/types\/product"}],"replies":[{"embeddable":true,"href":"https:\/\/www.museuhistoricosl.com.br\/loja\/wp-json\/wp\/v2\/comments?post=41817"}],"wp:featuredmedia":[{"embeddable":true,"href":"https:\/\/www.museuhistoricosl.com.br\/loja\/wp-json\/wp\/v2\/media\/41816"}],"wp:attachment":[{"href":"https:\/\/www.museuhistoricosl.com.br\/loja\/wp-json\/wp\/v2\/media?parent=41817"}],"wp:term":[{"taxonomy":"product_cat","embeddable":true,"href":"https:\/\/www.museuhistoricosl.com.br\/loja\/wp-json\/wp\/v2\/product_cat?post=41817"},{"taxonomy":"product_tag","embeddable":true,"href":"https:\/\/www.museuhistoricosl.com.br\/loja\/wp-json\/wp\/v2\/product_tag?post=41817"}],"curies":[{"name":"wp","href":"https:\/\/api.w.org\/{rel}","templated":true}]}}

<p>Vista do terreno onde está atualmente a Praça do Imigrante. Vê-se o Monumento ao Imigrante e, ao fundo, o antigo Seminário Evangélico para Formação de Professores, atual prédio da Câmara Municipal de Vereadores de São Leopoldo. Março de 1933. &#8211; Código anterior de catálogo:FD 63-9; Monumentos à Imigração; </p>

<p>Vista do terreno onde está atualmente a Praça do Imigrante. Vê-se o Monumento ao Imigrante e, ao fundo, o antigo</p>
