{"id":41481,"date":"2022-01-17T15:58:03","date_gmt":"2022-01-17T18:58:03","guid":{"rendered":"https:\/\/www.museuhistoricosl.com.br\/loja\/produto\/sl061-fd-0051\/"},"modified":"2022-01-17T15:58:03","modified_gmt":"2022-01-17T18:58:03","slug":"sl061-fd-0051","status":"publish","type":"product","link":"https:\/\/www.museuhistoricosl.com.br\/loja\/produto\/sl061-fd-0051\/","title":{"rendered":"SL061-FD-0051"},"content":{"rendered":"<p>ARFAC, Fileno Correia da Silva Filho, presidente da Associa\u00e7\u00e3o dos Radio Operadores da Faixa do Cidad\u00e3o de S\u00e3o Leopoldo (PX); Meios de Comunica\u00e7\u00e3o; <\/p>\n","protected":false},"excerpt":{"rendered":"<p>ARFAC, Fileno Correia da Silva Filho, presidente da Associa\u00e7\u00e3o dos Radio Operadores da Faixa do Cidad\u00e3o de S\u00e3o Leopoldo (PX);<\/p>\n","protected":false},"featured_media":41480,"comment_status":"open","ping_status":"closed","template":"","meta":{"_acf_changed":false},"product_cat":[100],"product_tag":[],"class_list":["post-41481","product","type-product","status-publish","has-post-thumbnail","hentry","product_cat-meios-de-comunicacao"],"acf":[],"_links":{"self":[{"href":"https:\/\/www.museuhistoricosl.com.br\/loja\/wp-json\/wp\/v2\/product\/41481","targetHints":{"allow":["GET"]}}],"collection":[{"href":"https:\/\/www.museuhistoricosl.com.br\/loja\/wp-json\/wp\/v2\/product"}],"about":[{"href":"https:\/\/www.museuhistoricosl.com.br\/loja\/wp-json\/wp\/v2\/types\/product"}],"replies":[{"embeddable":true,"href":"https:\/\/www.museuhistoricosl.com.br\/loja\/wp-json\/wp\/v2\/comments?post=41481"}],"wp:featuredmedia":[{"embeddable":true,"href":"https:\/\/www.museuhistoricosl.com.br\/loja\/wp-json\/wp\/v2\/media\/41480"}],"wp:attachment":[{"href":"https:\/\/www.museuhistoricosl.com.br\/loja\/wp-json\/wp\/v2\/media?parent=41481"}],"wp:term":[{"taxonomy":"product_cat","embeddable":true,"href":"https:\/\/www.museuhistoricosl.com.br\/loja\/wp-json\/wp\/v2\/product_cat?post=41481"},{"taxonomy":"product_tag","embeddable":true,"href":"https:\/\/www.museuhistoricosl.com.br\/loja\/wp-json\/wp\/v2\/product_tag?post=41481"}],"curies":[{"name":"wp","href":"https:\/\/api.w.org\/{rel}","templated":true}]}}

<p>ARFAC, Fileno Correia da Silva Filho, presidente da Associação dos Radio Operadores da Faixa do Cidadão de São Leopoldo (PX); Meios de Comunicação; </p>

<p>ARFAC, Fileno Correia da Silva Filho, presidente da Associação dos Radio Operadores da Faixa do Cidadão de São Leopoldo (PX);</p>
