{"id":41399,"date":"2022-01-17T15:57:18","date_gmt":"2022-01-17T18:57:18","guid":{"rendered":"https:\/\/www.museuhistoricosl.com.br\/loja\/produto\/sl061-fd-0010\/"},"modified":"2022-01-17T15:57:18","modified_gmt":"2022-01-17T18:57:18","slug":"sl061-fd-0010","status":"publish","type":"product","link":"https:\/\/www.museuhistoricosl.com.br\/loja\/produto\/sl061-fd-0010\/","title":{"rendered":"SL061-FD-0010"},"content":{"rendered":"<p>Jornal Vale do Sinos, Visita da Col\u00f4nia de F\u00e9rias do Centro Social Urbano, Parque de Recrea\u00e7\u00e3o do Trabalhador do bairro Vicentina, 15\/01\/1988, Foto Vilmar; Meios de Comunica\u00e7\u00e3o; <\/p>\n","protected":false},"excerpt":{"rendered":"<p>Jornal Vale do Sinos, Visita da Col\u00f4nia de F\u00e9rias do Centro Social Urbano, Parque de Recrea\u00e7\u00e3o do Trabalhador do bairro<\/p>\n","protected":false},"featured_media":41398,"comment_status":"open","ping_status":"closed","template":"","meta":{"_acf_changed":false},"product_cat":[100],"product_tag":[],"class_list":["post-41399","product","type-product","status-publish","has-post-thumbnail","hentry","product_cat-meios-de-comunicacao"],"acf":[],"_links":{"self":[{"href":"https:\/\/www.museuhistoricosl.com.br\/loja\/wp-json\/wp\/v2\/product\/41399","targetHints":{"allow":["GET"]}}],"collection":[{"href":"https:\/\/www.museuhistoricosl.com.br\/loja\/wp-json\/wp\/v2\/product"}],"about":[{"href":"https:\/\/www.museuhistoricosl.com.br\/loja\/wp-json\/wp\/v2\/types\/product"}],"replies":[{"embeddable":true,"href":"https:\/\/www.museuhistoricosl.com.br\/loja\/wp-json\/wp\/v2\/comments?post=41399"}],"wp:featuredmedia":[{"embeddable":true,"href":"https:\/\/www.museuhistoricosl.com.br\/loja\/wp-json\/wp\/v2\/media\/41398"}],"wp:attachment":[{"href":"https:\/\/www.museuhistoricosl.com.br\/loja\/wp-json\/wp\/v2\/media?parent=41399"}],"wp:term":[{"taxonomy":"product_cat","embeddable":true,"href":"https:\/\/www.museuhistoricosl.com.br\/loja\/wp-json\/wp\/v2\/product_cat?post=41399"},{"taxonomy":"product_tag","embeddable":true,"href":"https:\/\/www.museuhistoricosl.com.br\/loja\/wp-json\/wp\/v2\/product_tag?post=41399"}],"curies":[{"name":"wp","href":"https:\/\/api.w.org\/{rel}","templated":true}]}}

<p>Jornal Vale do Sinos, Visita da Colônia de Férias do Centro Social Urbano, Parque de Recreação do Trabalhador do bairro Vicentina, 15/01/1988, Foto Vilmar; Meios de Comunicação; </p>

<p>Jornal Vale do Sinos, Visita da Colônia de Férias do Centro Social Urbano, Parque de Recreação do Trabalhador do bairro</p>
