{"id":41397,"date":"2022-01-17T15:57:17","date_gmt":"2022-01-17T18:57:17","guid":{"rendered":"https:\/\/www.museuhistoricosl.com.br\/loja\/produto\/sl061-fd-0009\/"},"modified":"2022-01-17T15:57:17","modified_gmt":"2022-01-17T18:57:17","slug":"sl061-fd-0009","status":"publish","type":"product","link":"https:\/\/www.museuhistoricosl.com.br\/loja\/produto\/sl061-fd-0009\/","title":{"rendered":"SL061-FD-0009"},"content":{"rendered":"<p>Visita da Col\u00f4nia de F\u00e9rias do Centro Social Urbano, Visita da Executiva ao VS, Argenor Rodrigues Moreira, Fernando Martini e Valter M\u00e1rio Kontz, 20\/01\/1988, Foto Nilson; Meios de Comunica\u00e7\u00e3o; <\/p>\n","protected":false},"excerpt":{"rendered":"<p>Visita da Col\u00f4nia de F\u00e9rias do Centro Social Urbano, Visita da Executiva ao VS, Argenor Rodrigues Moreira, Fernando Martini e<\/p>\n","protected":false},"featured_media":41396,"comment_status":"open","ping_status":"closed","template":"","meta":{"_acf_changed":false},"product_cat":[100],"product_tag":[],"class_list":["post-41397","product","type-product","status-publish","has-post-thumbnail","hentry","product_cat-meios-de-comunicacao"],"acf":[],"_links":{"self":[{"href":"https:\/\/www.museuhistoricosl.com.br\/loja\/wp-json\/wp\/v2\/product\/41397","targetHints":{"allow":["GET"]}}],"collection":[{"href":"https:\/\/www.museuhistoricosl.com.br\/loja\/wp-json\/wp\/v2\/product"}],"about":[{"href":"https:\/\/www.museuhistoricosl.com.br\/loja\/wp-json\/wp\/v2\/types\/product"}],"replies":[{"embeddable":true,"href":"https:\/\/www.museuhistoricosl.com.br\/loja\/wp-json\/wp\/v2\/comments?post=41397"}],"wp:featuredmedia":[{"embeddable":true,"href":"https:\/\/www.museuhistoricosl.com.br\/loja\/wp-json\/wp\/v2\/media\/41396"}],"wp:attachment":[{"href":"https:\/\/www.museuhistoricosl.com.br\/loja\/wp-json\/wp\/v2\/media?parent=41397"}],"wp:term":[{"taxonomy":"product_cat","embeddable":true,"href":"https:\/\/www.museuhistoricosl.com.br\/loja\/wp-json\/wp\/v2\/product_cat?post=41397"},{"taxonomy":"product_tag","embeddable":true,"href":"https:\/\/www.museuhistoricosl.com.br\/loja\/wp-json\/wp\/v2\/product_tag?post=41397"}],"curies":[{"name":"wp","href":"https:\/\/api.w.org\/{rel}","templated":true}]}}

<p>Visita da Colônia de Férias do Centro Social Urbano, Visita da Executiva ao VS, Argenor Rodrigues Moreira, Fernando Martini e Valter Mário Kontz, 20/01/1988, Foto Nilson; Meios de Comunicação; </p>

<p>Visita da Colônia de Férias do Centro Social Urbano, Visita da Executiva ao VS, Argenor Rodrigues Moreira, Fernando Martini e</p>
