{"id":40609,"date":"2022-01-17T15:31:59","date_gmt":"2022-01-17T18:31:59","guid":{"rendered":"https:\/\/www.museuhistoricosl.com.br\/loja\/produto\/sl062-fd-0002\/"},"modified":"2022-01-17T15:31:59","modified_gmt":"2022-01-17T18:31:59","slug":"sl062-fd-0002","status":"publish","type":"product","link":"https:\/\/www.museuhistoricosl.com.br\/loja\/produto\/sl062-fd-0002\/","title":{"rendered":"SL062-FD-0002"},"content":{"rendered":"<p>Moradia de Emilio Nabinger,o mesmo est\u00e1 no port\u00e3o de seu armaz\u00e9m.Doado por Em\u00edlia (Emi) Sauer Hackel. &#8211; C\u00f3digo anterior de cat\u00e1logo:FD ES,2; Lomba Grande; <\/p>\n","protected":false},"excerpt":{"rendered":"<p>Moradia de Emilio Nabinger,o mesmo est\u00e1 no port\u00e3o de seu armaz\u00e9m.Doado por Em\u00edlia (Emi) Sauer Hackel. &#8211; C\u00f3digo anterior de<\/p>\n","protected":false},"featured_media":40608,"comment_status":"open","ping_status":"closed","template":"","meta":{"_acf_changed":false},"product_cat":[98],"product_tag":[],"class_list":["post-40609","product","type-product","status-publish","has-post-thumbnail","hentry","product_cat-lomba-grande"],"acf":[],"_links":{"self":[{"href":"https:\/\/www.museuhistoricosl.com.br\/loja\/wp-json\/wp\/v2\/product\/40609","targetHints":{"allow":["GET"]}}],"collection":[{"href":"https:\/\/www.museuhistoricosl.com.br\/loja\/wp-json\/wp\/v2\/product"}],"about":[{"href":"https:\/\/www.museuhistoricosl.com.br\/loja\/wp-json\/wp\/v2\/types\/product"}],"replies":[{"embeddable":true,"href":"https:\/\/www.museuhistoricosl.com.br\/loja\/wp-json\/wp\/v2\/comments?post=40609"}],"wp:featuredmedia":[{"embeddable":true,"href":"https:\/\/www.museuhistoricosl.com.br\/loja\/wp-json\/wp\/v2\/media\/40608"}],"wp:attachment":[{"href":"https:\/\/www.museuhistoricosl.com.br\/loja\/wp-json\/wp\/v2\/media?parent=40609"}],"wp:term":[{"taxonomy":"product_cat","embeddable":true,"href":"https:\/\/www.museuhistoricosl.com.br\/loja\/wp-json\/wp\/v2\/product_cat?post=40609"},{"taxonomy":"product_tag","embeddable":true,"href":"https:\/\/www.museuhistoricosl.com.br\/loja\/wp-json\/wp\/v2\/product_tag?post=40609"}],"curies":[{"name":"wp","href":"https:\/\/api.w.org\/{rel}","templated":true}]}}