{"id":40588,"date":"2022-01-17T15:23:43","date_gmt":"2022-01-17T18:23:43","guid":{"rendered":"https:\/\/www.museuhistoricosl.com.br\/loja\/produto\/sl002-fd-4325\/"},"modified":"2022-01-17T15:23:43","modified_gmt":"2022-01-17T18:23:43","slug":"sl002-fd-4325","status":"publish","type":"product","link":"https:\/\/www.museuhistoricosl.com.br\/loja\/produto\/sl002-fd-4325\/","title":{"rendered":"SL002-FD-4325"},"content":{"rendered":"<p>Bins &#8211; Ind\u00fastria de Artefatos em Borracha. Inaugura\u00e7\u00e3o da Divis\u00e3o Pl\u00e1stica. 25\/9\/1987. Foto Vilmar G. Gengnagel. -23281- &#8211; Cat\u00e1logo anterior: FD 2,325.4; Ind\u00fastria e Com\u00e9rcio; <\/p>\n","protected":false},"excerpt":{"rendered":"<p>Bins &#8211; Ind\u00fastria de Artefatos em Borracha. Inaugura\u00e7\u00e3o da Divis\u00e3o Pl\u00e1stica. 25\/9\/1987. Foto Vilmar G. Gengnagel. -23281- &#8211; Cat\u00e1logo anterior:<\/p>\n","protected":false},"featured_media":40587,"comment_status":"open","ping_status":"closed","template":"","meta":{"_acf_changed":false},"product_cat":[97],"product_tag":[],"class_list":["post-40588","product","type-product","status-publish","has-post-thumbnail","hentry","product_cat-industria-e-comercio"],"acf":[],"_links":{"self":[{"href":"https:\/\/www.museuhistoricosl.com.br\/loja\/wp-json\/wp\/v2\/product\/40588","targetHints":{"allow":["GET"]}}],"collection":[{"href":"https:\/\/www.museuhistoricosl.com.br\/loja\/wp-json\/wp\/v2\/product"}],"about":[{"href":"https:\/\/www.museuhistoricosl.com.br\/loja\/wp-json\/wp\/v2\/types\/product"}],"replies":[{"embeddable":true,"href":"https:\/\/www.museuhistoricosl.com.br\/loja\/wp-json\/wp\/v2\/comments?post=40588"}],"wp:featuredmedia":[{"embeddable":true,"href":"https:\/\/www.museuhistoricosl.com.br\/loja\/wp-json\/wp\/v2\/media\/40587"}],"wp:attachment":[{"href":"https:\/\/www.museuhistoricosl.com.br\/loja\/wp-json\/wp\/v2\/media?parent=40588"}],"wp:term":[{"taxonomy":"product_cat","embeddable":true,"href":"https:\/\/www.museuhistoricosl.com.br\/loja\/wp-json\/wp\/v2\/product_cat?post=40588"},{"taxonomy":"product_tag","embeddable":true,"href":"https:\/\/www.museuhistoricosl.com.br\/loja\/wp-json\/wp\/v2\/product_tag?post=40588"}],"curies":[{"name":"wp","href":"https:\/\/api.w.org\/{rel}","templated":true}]}}

<p>Bins &#8211; Indústria de Artefatos em Borracha. Inauguração da Divisão Plástica. 25/9/1987. Foto Vilmar G. Gengnagel. -23281- &#8211; Catálogo anterior: FD 2,325.4; Indústria e Comércio; </p>

<p>Bins &#8211; Indústria de Artefatos em Borracha. Inauguração da Divisão Plástica. 25/9/1987. Foto Vilmar G. Gengnagel. -23281- &#8211; Catálogo anterior:</p>
