{"id":40570,"date":"2022-01-17T15:23:33","date_gmt":"2022-01-17T18:23:33","guid":{"rendered":"https:\/\/www.museuhistoricosl.com.br\/loja\/produto\/sl002-fd-3554\/"},"modified":"2022-01-17T15:23:33","modified_gmt":"2022-01-17T18:23:33","slug":"sl002-fd-3554","status":"publish","type":"product","link":"https:\/\/www.museuhistoricosl.com.br\/loja\/produto\/sl002-fd-3554\/","title":{"rendered":"SL002-FD-3554"},"content":{"rendered":"<p>Dalila Rodrigues Silveira (sorteada) &#8211; Casa Mena brinda clientes &#8211; Rua Ipiranga, 267 &#8211; Scharlau -SL- 05 agos84 &#8211; 7\/5 &#8211; foto 1 &#8211; 30% n\u00ba12420 &#8211; 93.000,00 &#8211; Cat\u00e1logo anterior: FD 2,554.3; Ind\u00fastria e Com\u00e9rcio; <\/p>\n","protected":false},"excerpt":{"rendered":"<p>Dalila Rodrigues Silveira (sorteada) &#8211; Casa Mena brinda clientes &#8211; Rua Ipiranga, 267 &#8211; Scharlau -SL- 05 agos84 &#8211; 7\/5<\/p>\n","protected":false},"featured_media":40569,"comment_status":"open","ping_status":"closed","template":"","meta":{"_acf_changed":false},"product_cat":[97],"product_tag":[],"class_list":["post-40570","product","type-product","status-publish","has-post-thumbnail","hentry","product_cat-industria-e-comercio"],"acf":[],"_links":{"self":[{"href":"https:\/\/www.museuhistoricosl.com.br\/loja\/wp-json\/wp\/v2\/product\/40570","targetHints":{"allow":["GET"]}}],"collection":[{"href":"https:\/\/www.museuhistoricosl.com.br\/loja\/wp-json\/wp\/v2\/product"}],"about":[{"href":"https:\/\/www.museuhistoricosl.com.br\/loja\/wp-json\/wp\/v2\/types\/product"}],"replies":[{"embeddable":true,"href":"https:\/\/www.museuhistoricosl.com.br\/loja\/wp-json\/wp\/v2\/comments?post=40570"}],"wp:featuredmedia":[{"embeddable":true,"href":"https:\/\/www.museuhistoricosl.com.br\/loja\/wp-json\/wp\/v2\/media\/40569"}],"wp:attachment":[{"href":"https:\/\/www.museuhistoricosl.com.br\/loja\/wp-json\/wp\/v2\/media?parent=40570"}],"wp:term":[{"taxonomy":"product_cat","embeddable":true,"href":"https:\/\/www.museuhistoricosl.com.br\/loja\/wp-json\/wp\/v2\/product_cat?post=40570"},{"taxonomy":"product_tag","embeddable":true,"href":"https:\/\/www.museuhistoricosl.com.br\/loja\/wp-json\/wp\/v2\/product_tag?post=40570"}],"curies":[{"name":"wp","href":"https:\/\/api.w.org\/{rel}","templated":true}]}}