{"id":40372,"date":"2022-01-17T15:21:37","date_gmt":"2022-01-17T18:21:37","guid":{"rendered":"https:\/\/www.museuhistoricosl.com.br\/loja\/produto\/sl002-fd-1503\/"},"modified":"2022-01-17T15:21:37","modified_gmt":"2022-01-17T18:21:37","slug":"sl002-fd-1503","status":"publish","type":"product","link":"https:\/\/www.museuhistoricosl.com.br\/loja\/produto\/sl002-fd-1503\/","title":{"rendered":"SL002-FD-1503"},"content":{"rendered":"<p>Luiz Oct\u00e1vio Vieira, Jair  Soares, Nelson Ritzel  e Luiz Adams (secr. Da ind\u00fastria) &#8211; na entrega do Pr\u00eamio de Distin\u00e7\u00e3o Industral de 84 &#8211; 27 mai 84 &#8211;  n\u00ba11733 &#8211; 5\/5 foto 3 &#8211; ampliar 10% &#8211; Cat\u00e1logo anterior: FD 2,503.1; Ind\u00fastria e Com\u00e9rcio; <\/p>\n","protected":false},"excerpt":{"rendered":"<p>Luiz Oct\u00e1vio Vieira, Jair Soares, Nelson Ritzel e Luiz Adams (secr. Da ind\u00fastria) &#8211; na entrega do Pr\u00eamio de Distin\u00e7\u00e3o<\/p>\n","protected":false},"featured_media":40371,"comment_status":"open","ping_status":"closed","template":"","meta":{"_acf_changed":false},"product_cat":[97],"product_tag":[],"class_list":["post-40372","product","type-product","status-publish","has-post-thumbnail","hentry","product_cat-industria-e-comercio"],"acf":[],"_links":{"self":[{"href":"https:\/\/www.museuhistoricosl.com.br\/loja\/wp-json\/wp\/v2\/product\/40372","targetHints":{"allow":["GET"]}}],"collection":[{"href":"https:\/\/www.museuhistoricosl.com.br\/loja\/wp-json\/wp\/v2\/product"}],"about":[{"href":"https:\/\/www.museuhistoricosl.com.br\/loja\/wp-json\/wp\/v2\/types\/product"}],"replies":[{"embeddable":true,"href":"https:\/\/www.museuhistoricosl.com.br\/loja\/wp-json\/wp\/v2\/comments?post=40372"}],"wp:featuredmedia":[{"embeddable":true,"href":"https:\/\/www.museuhistoricosl.com.br\/loja\/wp-json\/wp\/v2\/media\/40371"}],"wp:attachment":[{"href":"https:\/\/www.museuhistoricosl.com.br\/loja\/wp-json\/wp\/v2\/media?parent=40372"}],"wp:term":[{"taxonomy":"product_cat","embeddable":true,"href":"https:\/\/www.museuhistoricosl.com.br\/loja\/wp-json\/wp\/v2\/product_cat?post=40372"},{"taxonomy":"product_tag","embeddable":true,"href":"https:\/\/www.museuhistoricosl.com.br\/loja\/wp-json\/wp\/v2\/product_tag?post=40372"}],"curies":[{"name":"wp","href":"https:\/\/api.w.org\/{rel}","templated":true}]}}