{"id":40362,"date":"2022-01-17T15:21:32","date_gmt":"2022-01-17T18:21:32","guid":{"rendered":"https:\/\/www.museuhistoricosl.com.br\/loja\/produto\/sl002-fd-1491\/"},"modified":"2022-01-17T15:21:32","modified_gmt":"2022-01-17T18:21:32","slug":"sl002-fd-1491","status":"publish","type":"product","link":"https:\/\/www.museuhistoricosl.com.br\/loja\/produto\/sl002-fd-1491\/","title":{"rendered":"SL002-FD-1491"},"content":{"rendered":"<p>Edgar Coelho Neto &#8211; S\u00f4nia Bier &#8211; Cl\u00f3vis Bier &#8211; Ol\u00edmpio Albrecht  &#8211; 25.05.84 &#8211; Sogipa &#8211; Entrega  do pr\u00eamio &#8211;  Distin\u00e7\u00e3o Ind\u00fastria 84 n\u00ba11735 &#8211; 4\/5 &#8211; foto 5 &#8211; 30% &#8211; Cat\u00e1logo anterior: FD 2,491.1; Ind\u00fastria e Com\u00e9rcio; <\/p>\n","protected":false},"excerpt":{"rendered":"<p>Edgar Coelho Neto &#8211; S\u00f4nia Bier &#8211; Cl\u00f3vis Bier &#8211; Ol\u00edmpio Albrecht &#8211; 25.05.84 &#8211; Sogipa &#8211; Entrega do pr\u00eamio<\/p>\n","protected":false},"featured_media":40361,"comment_status":"open","ping_status":"closed","template":"","meta":{"_acf_changed":false},"product_cat":[97],"product_tag":[],"class_list":["post-40362","product","type-product","status-publish","has-post-thumbnail","hentry","product_cat-industria-e-comercio"],"acf":[],"_links":{"self":[{"href":"https:\/\/www.museuhistoricosl.com.br\/loja\/wp-json\/wp\/v2\/product\/40362","targetHints":{"allow":["GET"]}}],"collection":[{"href":"https:\/\/www.museuhistoricosl.com.br\/loja\/wp-json\/wp\/v2\/product"}],"about":[{"href":"https:\/\/www.museuhistoricosl.com.br\/loja\/wp-json\/wp\/v2\/types\/product"}],"replies":[{"embeddable":true,"href":"https:\/\/www.museuhistoricosl.com.br\/loja\/wp-json\/wp\/v2\/comments?post=40362"}],"wp:featuredmedia":[{"embeddable":true,"href":"https:\/\/www.museuhistoricosl.com.br\/loja\/wp-json\/wp\/v2\/media\/40361"}],"wp:attachment":[{"href":"https:\/\/www.museuhistoricosl.com.br\/loja\/wp-json\/wp\/v2\/media?parent=40362"}],"wp:term":[{"taxonomy":"product_cat","embeddable":true,"href":"https:\/\/www.museuhistoricosl.com.br\/loja\/wp-json\/wp\/v2\/product_cat?post=40362"},{"taxonomy":"product_tag","embeddable":true,"href":"https:\/\/www.museuhistoricosl.com.br\/loja\/wp-json\/wp\/v2\/product_tag?post=40362"}],"curies":[{"name":"wp","href":"https:\/\/api.w.org\/{rel}","templated":true}]}}