{"id":40166,"date":"2022-01-17T15:19:29","date_gmt":"2022-01-17T18:19:29","guid":{"rendered":"https:\/\/www.museuhistoricosl.com.br\/loja\/produto\/sl002-fd-0622\/"},"modified":"2022-01-17T15:19:29","modified_gmt":"2022-01-17T18:19:29","slug":"sl002-fd-0622","status":"publish","type":"product","link":"https:\/\/www.museuhistoricosl.com.br\/loja\/produto\/sl002-fd-0622\/","title":{"rendered":"SL002-FD-0622"},"content":{"rendered":"<p>F\u00e1brica de Cal\u00e7ados de E.F.Brodt &#038; Emilio Dauber, S\u00e3o Leopoldo, provavelmente na rua S. Joaquim esq. Jo\u00e3o Neves da Fontoura (quando chamavam-se do Brejo e Am\u00e9rica., 10\/10\/1916; Ind\u00fastria e Com\u00e9rcio; <\/p>\n","protected":false},"excerpt":{"rendered":"<p>F\u00e1brica de Cal\u00e7ados de E.F.Brodt &#038; Emilio Dauber, S\u00e3o Leopoldo, provavelmente na rua S. Joaquim esq. Jo\u00e3o Neves da Fontoura<\/p>\n","protected":false},"featured_media":40165,"comment_status":"open","ping_status":"closed","template":"","meta":{"_acf_changed":false},"product_cat":[97],"product_tag":[],"class_list":["post-40166","product","type-product","status-publish","has-post-thumbnail","hentry","product_cat-industria-e-comercio"],"acf":[],"_links":{"self":[{"href":"https:\/\/www.museuhistoricosl.com.br\/loja\/wp-json\/wp\/v2\/product\/40166","targetHints":{"allow":["GET"]}}],"collection":[{"href":"https:\/\/www.museuhistoricosl.com.br\/loja\/wp-json\/wp\/v2\/product"}],"about":[{"href":"https:\/\/www.museuhistoricosl.com.br\/loja\/wp-json\/wp\/v2\/types\/product"}],"replies":[{"embeddable":true,"href":"https:\/\/www.museuhistoricosl.com.br\/loja\/wp-json\/wp\/v2\/comments?post=40166"}],"wp:featuredmedia":[{"embeddable":true,"href":"https:\/\/www.museuhistoricosl.com.br\/loja\/wp-json\/wp\/v2\/media\/40165"}],"wp:attachment":[{"href":"https:\/\/www.museuhistoricosl.com.br\/loja\/wp-json\/wp\/v2\/media?parent=40166"}],"wp:term":[{"taxonomy":"product_cat","embeddable":true,"href":"https:\/\/www.museuhistoricosl.com.br\/loja\/wp-json\/wp\/v2\/product_cat?post=40166"},{"taxonomy":"product_tag","embeddable":true,"href":"https:\/\/www.museuhistoricosl.com.br\/loja\/wp-json\/wp\/v2\/product_tag?post=40166"}],"curies":[{"name":"wp","href":"https:\/\/api.w.org\/{rel}","templated":true}]}}