{"id":40164,"date":"2022-01-17T15:19:28","date_gmt":"2022-01-17T18:19:28","guid":{"rendered":"https:\/\/www.museuhistoricosl.com.br\/loja\/produto\/sl002-fd-0621\/"},"modified":"2022-01-17T15:19:28","modified_gmt":"2022-01-17T18:19:28","slug":"sl002-fd-0621","status":"publish","type":"product","link":"https:\/\/www.museuhistoricosl.com.br\/loja\/produto\/sl002-fd-0621\/","title":{"rendered":"SL002-FD-0621"},"content":{"rendered":"<p>Lembran\u00e7a de E. F. Brodt \u00e0 Felippe Purper, S\u00e3o Leopoldo, 10 de outubro 1916, Cat.mo Am\u00ba Felippe, Ao despedir-me desta casa cumpre-me o grato dever em agradecer-lhe o valioso e dedicado concurso que prestastes-me durante 4 annos, e offerecer-lhe este como prova de minha amizade e respeito. S\u00e3o Leopoldo 10 outubro 1916, F\u00e1brica de Cal\u00e7ados, depois do Bruno Bercht, S. Joaquim esq. J. N. Fontana; Ind\u00fastria e Com\u00e9rcio; <\/p>\n","protected":false},"excerpt":{"rendered":"<p>Lembran\u00e7a de E. F. Brodt \u00e0 Felippe Purper, S\u00e3o Leopoldo, 10 de outubro 1916, Cat.mo Am\u00ba Felippe, Ao despedir-me desta<\/p>\n","protected":false},"featured_media":40163,"comment_status":"open","ping_status":"closed","template":"","meta":{"_acf_changed":false},"product_cat":[97],"product_tag":[],"class_list":["post-40164","product","type-product","status-publish","has-post-thumbnail","hentry","product_cat-industria-e-comercio"],"acf":[],"_links":{"self":[{"href":"https:\/\/www.museuhistoricosl.com.br\/loja\/wp-json\/wp\/v2\/product\/40164","targetHints":{"allow":["GET"]}}],"collection":[{"href":"https:\/\/www.museuhistoricosl.com.br\/loja\/wp-json\/wp\/v2\/product"}],"about":[{"href":"https:\/\/www.museuhistoricosl.com.br\/loja\/wp-json\/wp\/v2\/types\/product"}],"replies":[{"embeddable":true,"href":"https:\/\/www.museuhistoricosl.com.br\/loja\/wp-json\/wp\/v2\/comments?post=40164"}],"wp:featuredmedia":[{"embeddable":true,"href":"https:\/\/www.museuhistoricosl.com.br\/loja\/wp-json\/wp\/v2\/media\/40163"}],"wp:attachment":[{"href":"https:\/\/www.museuhistoricosl.com.br\/loja\/wp-json\/wp\/v2\/media?parent=40164"}],"wp:term":[{"taxonomy":"product_cat","embeddable":true,"href":"https:\/\/www.museuhistoricosl.com.br\/loja\/wp-json\/wp\/v2\/product_cat?post=40164"},{"taxonomy":"product_tag","embeddable":true,"href":"https:\/\/www.museuhistoricosl.com.br\/loja\/wp-json\/wp\/v2\/product_tag?post=40164"}],"curies":[{"name":"wp","href":"https:\/\/api.w.org\/{rel}","templated":true}]}}