{"id":40078,"date":"2022-01-17T15:18:30","date_gmt":"2022-01-17T18:18:30","guid":{"rendered":"https:\/\/www.museuhistoricosl.com.br\/loja\/produto\/sl002-fd-0575\/"},"modified":"2022-01-17T15:18:30","modified_gmt":"2022-01-17T18:18:30","slug":"sl002-fd-0575","status":"publish","type":"product","link":"https:\/\/www.museuhistoricosl.com.br\/loja\/produto\/sl002-fd-0575\/","title":{"rendered":"SL002-FD-0575"},"content":{"rendered":"<p>Casa Mena &#8211; promo\u00e7\u00e3o &#8220;Pinte na Primavera Mena&#8221; &#8211; 2\/5 &#8211; foto 1 &#8211; 28% &#8211; 9 Out 85 n\u00ba16664 &#8211; Cat\u00e1logo anterior: FD 2,575; Ind\u00fastria e Com\u00e9rcio; <\/p>\n","protected":false},"excerpt":{"rendered":"<p>Casa Mena &#8211; promo\u00e7\u00e3o &#8220;Pinte na Primavera Mena&#8221; &#8211; 2\/5 &#8211; foto 1 &#8211; 28% &#8211; 9 Out 85 n\u00ba16664<\/p>\n","protected":false},"featured_media":40077,"comment_status":"open","ping_status":"closed","template":"","meta":{"_acf_changed":false},"product_cat":[97],"product_tag":[],"class_list":["post-40078","product","type-product","status-publish","has-post-thumbnail","hentry","product_cat-industria-e-comercio"],"acf":[],"_links":{"self":[{"href":"https:\/\/www.museuhistoricosl.com.br\/loja\/wp-json\/wp\/v2\/product\/40078","targetHints":{"allow":["GET"]}}],"collection":[{"href":"https:\/\/www.museuhistoricosl.com.br\/loja\/wp-json\/wp\/v2\/product"}],"about":[{"href":"https:\/\/www.museuhistoricosl.com.br\/loja\/wp-json\/wp\/v2\/types\/product"}],"replies":[{"embeddable":true,"href":"https:\/\/www.museuhistoricosl.com.br\/loja\/wp-json\/wp\/v2\/comments?post=40078"}],"wp:featuredmedia":[{"embeddable":true,"href":"https:\/\/www.museuhistoricosl.com.br\/loja\/wp-json\/wp\/v2\/media\/40077"}],"wp:attachment":[{"href":"https:\/\/www.museuhistoricosl.com.br\/loja\/wp-json\/wp\/v2\/media?parent=40078"}],"wp:term":[{"taxonomy":"product_cat","embeddable":true,"href":"https:\/\/www.museuhistoricosl.com.br\/loja\/wp-json\/wp\/v2\/product_cat?post=40078"},{"taxonomy":"product_tag","embeddable":true,"href":"https:\/\/www.museuhistoricosl.com.br\/loja\/wp-json\/wp\/v2\/product_tag?post=40078"}],"curies":[{"name":"wp","href":"https:\/\/api.w.org\/{rel}","templated":true}]}}