{"id":40066,"date":"2022-01-17T15:18:22","date_gmt":"2022-01-17T18:18:22","guid":{"rendered":"https:\/\/www.museuhistoricosl.com.br\/loja\/produto\/sl002-fd-0569\/"},"modified":"2022-01-17T15:18:22","modified_gmt":"2022-01-17T18:18:22","slug":"sl002-fd-0569","status":"publish","type":"product","link":"https:\/\/www.museuhistoricosl.com.br\/loja\/produto\/sl002-fd-0569\/","title":{"rendered":"SL002-FD-0569"},"content":{"rendered":"<p>Marcelo Diedrich &#8211; Trof\u00e9u Mena Esporte de ver\u00e3o. Equipe PROTESUL &#8211; 07.0187 &#8211; n\u00ba21423 &#8211; 0,05 &#8211; 1,80 &#8211; exp:42 &#8211;  fla:5 &#8211; 17\/5 &#8211; foto 5 &#8211; 28% &#8211; Cat\u00e1logo anterior: FD 2,569; Ind\u00fastria e Com\u00e9rcio; <\/p>\n","protected":false},"excerpt":{"rendered":"<p>Marcelo Diedrich &#8211; Trof\u00e9u Mena Esporte de ver\u00e3o. Equipe PROTESUL &#8211; 07.0187 &#8211; n\u00ba21423 &#8211; 0,05 &#8211; 1,80 &#8211; exp:42<\/p>\n","protected":false},"featured_media":40065,"comment_status":"open","ping_status":"closed","template":"","meta":{"_acf_changed":false},"product_cat":[97],"product_tag":[],"class_list":["post-40066","product","type-product","status-publish","has-post-thumbnail","hentry","product_cat-industria-e-comercio"],"acf":[],"_links":{"self":[{"href":"https:\/\/www.museuhistoricosl.com.br\/loja\/wp-json\/wp\/v2\/product\/40066","targetHints":{"allow":["GET"]}}],"collection":[{"href":"https:\/\/www.museuhistoricosl.com.br\/loja\/wp-json\/wp\/v2\/product"}],"about":[{"href":"https:\/\/www.museuhistoricosl.com.br\/loja\/wp-json\/wp\/v2\/types\/product"}],"replies":[{"embeddable":true,"href":"https:\/\/www.museuhistoricosl.com.br\/loja\/wp-json\/wp\/v2\/comments?post=40066"}],"wp:featuredmedia":[{"embeddable":true,"href":"https:\/\/www.museuhistoricosl.com.br\/loja\/wp-json\/wp\/v2\/media\/40065"}],"wp:attachment":[{"href":"https:\/\/www.museuhistoricosl.com.br\/loja\/wp-json\/wp\/v2\/media?parent=40066"}],"wp:term":[{"taxonomy":"product_cat","embeddable":true,"href":"https:\/\/www.museuhistoricosl.com.br\/loja\/wp-json\/wp\/v2\/product_cat?post=40066"},{"taxonomy":"product_tag","embeddable":true,"href":"https:\/\/www.museuhistoricosl.com.br\/loja\/wp-json\/wp\/v2\/product_tag?post=40066"}],"curies":[{"name":"wp","href":"https:\/\/api.w.org\/{rel}","templated":true}]}}