{"id":39818,"date":"2022-01-17T15:15:22","date_gmt":"2022-01-17T18:15:22","guid":{"rendered":"https:\/\/www.museuhistoricosl.com.br\/loja\/produto\/sl002-fd-0445\/"},"modified":"2022-01-17T15:15:22","modified_gmt":"2022-01-17T18:15:22","slug":"sl002-fd-0445","status":"publish","type":"product","link":"https:\/\/www.museuhistoricosl.com.br\/loja\/produto\/sl002-fd-0445\/","title":{"rendered":"SL002-FD-0445"},"content":{"rendered":"<p>Interior de dep\u00f3sito de couro -Couros s&#8217; &#8211; com\u00e9rcio  e representa\u00e7\u00f5es &#8211; 33\/5 &#8211; foto 1 &#8211; ampliar 10% n\u00ba17303 &#8211; 28 nov 85 &#8211; Cat\u00e1logo anterior: FD 2,445; Ind\u00fastria e Com\u00e9rcio; <\/p>\n","protected":false},"excerpt":{"rendered":"<p>Interior de dep\u00f3sito de couro -Couros s&#8217; &#8211; com\u00e9rcio e representa\u00e7\u00f5es &#8211; 33\/5 &#8211; foto 1 &#8211; ampliar 10% n\u00ba17303<\/p>\n","protected":false},"featured_media":39817,"comment_status":"open","ping_status":"closed","template":"","meta":{"_acf_changed":false},"product_cat":[97],"product_tag":[],"class_list":["post-39818","product","type-product","status-publish","has-post-thumbnail","hentry","product_cat-industria-e-comercio"],"acf":[],"_links":{"self":[{"href":"https:\/\/www.museuhistoricosl.com.br\/loja\/wp-json\/wp\/v2\/product\/39818","targetHints":{"allow":["GET"]}}],"collection":[{"href":"https:\/\/www.museuhistoricosl.com.br\/loja\/wp-json\/wp\/v2\/product"}],"about":[{"href":"https:\/\/www.museuhistoricosl.com.br\/loja\/wp-json\/wp\/v2\/types\/product"}],"replies":[{"embeddable":true,"href":"https:\/\/www.museuhistoricosl.com.br\/loja\/wp-json\/wp\/v2\/comments?post=39818"}],"wp:featuredmedia":[{"embeddable":true,"href":"https:\/\/www.museuhistoricosl.com.br\/loja\/wp-json\/wp\/v2\/media\/39817"}],"wp:attachment":[{"href":"https:\/\/www.museuhistoricosl.com.br\/loja\/wp-json\/wp\/v2\/media?parent=39818"}],"wp:term":[{"taxonomy":"product_cat","embeddable":true,"href":"https:\/\/www.museuhistoricosl.com.br\/loja\/wp-json\/wp\/v2\/product_cat?post=39818"},{"taxonomy":"product_tag","embeddable":true,"href":"https:\/\/www.museuhistoricosl.com.br\/loja\/wp-json\/wp\/v2\/product_tag?post=39818"}],"curies":[{"name":"wp","href":"https:\/\/api.w.org\/{rel}","templated":true}]}}