{"id":39802,"date":"2022-01-17T15:15:14","date_gmt":"2022-01-17T18:15:14","guid":{"rendered":"https:\/\/www.museuhistoricosl.com.br\/loja\/produto\/sl002-fd-0437\/"},"modified":"2022-01-17T15:15:14","modified_gmt":"2022-01-17T18:15:14","slug":"sl002-fd-0437","status":"publish","type":"product","link":"https:\/\/www.museuhistoricosl.com.br\/loja\/produto\/sl002-fd-0437\/","title":{"rendered":"SL002-FD-0437"},"content":{"rendered":"<p>Surdin\u00e3o &#8211; ga\u00facho  a cavalo &#8211; &#8220;Guerreiro Farroupilha&#8221; &#8211; 20 ago85 &#8211; n\u00ba 16009 &#8211; Cat\u00e1logo anterior: FD 2,437; Ind\u00fastria e Com\u00e9rcio; <\/p>\n","protected":false},"excerpt":{"rendered":"<p>Surdin\u00e3o &#8211; ga\u00facho a cavalo &#8211; &#8220;Guerreiro Farroupilha&#8221; &#8211; 20 ago85 &#8211; n\u00ba 16009 &#8211; Cat\u00e1logo anterior: FD 2,437; Ind\u00fastria<\/p>\n","protected":false},"featured_media":39801,"comment_status":"open","ping_status":"closed","template":"","meta":{"_acf_changed":false},"product_cat":[97],"product_tag":[],"class_list":["post-39802","product","type-product","status-publish","has-post-thumbnail","hentry","product_cat-industria-e-comercio"],"acf":[],"_links":{"self":[{"href":"https:\/\/www.museuhistoricosl.com.br\/loja\/wp-json\/wp\/v2\/product\/39802","targetHints":{"allow":["GET"]}}],"collection":[{"href":"https:\/\/www.museuhistoricosl.com.br\/loja\/wp-json\/wp\/v2\/product"}],"about":[{"href":"https:\/\/www.museuhistoricosl.com.br\/loja\/wp-json\/wp\/v2\/types\/product"}],"replies":[{"embeddable":true,"href":"https:\/\/www.museuhistoricosl.com.br\/loja\/wp-json\/wp\/v2\/comments?post=39802"}],"wp:featuredmedia":[{"embeddable":true,"href":"https:\/\/www.museuhistoricosl.com.br\/loja\/wp-json\/wp\/v2\/media\/39801"}],"wp:attachment":[{"href":"https:\/\/www.museuhistoricosl.com.br\/loja\/wp-json\/wp\/v2\/media?parent=39802"}],"wp:term":[{"taxonomy":"product_cat","embeddable":true,"href":"https:\/\/www.museuhistoricosl.com.br\/loja\/wp-json\/wp\/v2\/product_cat?post=39802"},{"taxonomy":"product_tag","embeddable":true,"href":"https:\/\/www.museuhistoricosl.com.br\/loja\/wp-json\/wp\/v2\/product_tag?post=39802"}],"curies":[{"name":"wp","href":"https:\/\/api.w.org\/{rel}","templated":true}]}}