{"id":39784,"date":"2022-01-17T15:15:02","date_gmt":"2022-01-17T18:15:02","guid":{"rendered":"https:\/\/www.museuhistoricosl.com.br\/loja\/produto\/sl002-fd-0428\/"},"modified":"2022-01-17T15:15:02","modified_gmt":"2022-01-17T18:15:02","slug":"sl002-fd-0428","status":"publish","type":"product","link":"https:\/\/www.museuhistoricosl.com.br\/loja\/produto\/sl002-fd-0428\/","title":{"rendered":"SL002-FD-0428"},"content":{"rendered":"<p>Auri Klein &#8211; Da esquerda: Edmundo Bins, Celito deGrandi, Paulo Comisa, Dante Oliva, Gilberto Toschi, Brenna Omar Fick, Auri Klein,  Arnaldo Pietro, Mandelli, Milton Rossi, Cl\u00f3vis A. Rossi, Doentgenbacker &#8211; Cl\u00f3vis A. Rossi -Moeller, Eltz Jo\u00e3om Corr\u00eaa Silveira &#8211; Cat\u00e1logo anterior: FD 2,428; Ind\u00fastria e Com\u00e9rcio; <\/p>\n","protected":false},"excerpt":{"rendered":"<p>Auri Klein &#8211; Da esquerda: Edmundo Bins, Celito deGrandi, Paulo Comisa, Dante Oliva, Gilberto Toschi, Brenna Omar Fick, Auri Klein,<\/p>\n","protected":false},"featured_media":39783,"comment_status":"open","ping_status":"closed","template":"","meta":{"_acf_changed":false},"product_cat":[97],"product_tag":[],"class_list":["post-39784","product","type-product","status-publish","has-post-thumbnail","hentry","product_cat-industria-e-comercio"],"acf":[],"_links":{"self":[{"href":"https:\/\/www.museuhistoricosl.com.br\/loja\/wp-json\/wp\/v2\/product\/39784","targetHints":{"allow":["GET"]}}],"collection":[{"href":"https:\/\/www.museuhistoricosl.com.br\/loja\/wp-json\/wp\/v2\/product"}],"about":[{"href":"https:\/\/www.museuhistoricosl.com.br\/loja\/wp-json\/wp\/v2\/types\/product"}],"replies":[{"embeddable":true,"href":"https:\/\/www.museuhistoricosl.com.br\/loja\/wp-json\/wp\/v2\/comments?post=39784"}],"wp:featuredmedia":[{"embeddable":true,"href":"https:\/\/www.museuhistoricosl.com.br\/loja\/wp-json\/wp\/v2\/media\/39783"}],"wp:attachment":[{"href":"https:\/\/www.museuhistoricosl.com.br\/loja\/wp-json\/wp\/v2\/media?parent=39784"}],"wp:term":[{"taxonomy":"product_cat","embeddable":true,"href":"https:\/\/www.museuhistoricosl.com.br\/loja\/wp-json\/wp\/v2\/product_cat?post=39784"},{"taxonomy":"product_tag","embeddable":true,"href":"https:\/\/www.museuhistoricosl.com.br\/loja\/wp-json\/wp\/v2\/product_tag?post=39784"}],"curies":[{"name":"wp","href":"https:\/\/api.w.org\/{rel}","templated":true}]}}