{"id":39764,"date":"2022-01-17T15:14:53","date_gmt":"2022-01-17T18:14:53","guid":{"rendered":"https:\/\/www.museuhistoricosl.com.br\/loja\/produto\/sl002-fd-0416\/"},"modified":"2022-01-17T15:14:53","modified_gmt":"2022-01-17T18:14:53","slug":"sl002-fd-0416","status":"publish","type":"product","link":"https:\/\/www.museuhistoricosl.com.br\/loja\/produto\/sl002-fd-0416\/","title":{"rendered":"SL002-FD-0416"},"content":{"rendered":"<p>Debate sobre Microempresa na ACI &#8211; palestrante Luiz Bernardes &#8211; Associa\u00e7\u00e3o comercial e Industrial de SL &#8211; n\u00ba15078 &#8211; foto 5\/5 &#8211; foto 2 &#8211; ampliar 10% &#8211; 13 mai 85 &#8211; Cat\u00e1logo anterior: FD 2,416; Ind\u00fastria e Com\u00e9rcio; <\/p>\n","protected":false},"excerpt":{"rendered":"<p>Debate sobre Microempresa na ACI &#8211; palestrante Luiz Bernardes &#8211; Associa\u00e7\u00e3o comercial e Industrial de SL &#8211; n\u00ba15078 &#8211; foto<\/p>\n","protected":false},"featured_media":39763,"comment_status":"open","ping_status":"closed","template":"","meta":{"_acf_changed":false},"product_cat":[97],"product_tag":[],"class_list":["post-39764","product","type-product","status-publish","has-post-thumbnail","hentry","product_cat-industria-e-comercio"],"acf":[],"_links":{"self":[{"href":"https:\/\/www.museuhistoricosl.com.br\/loja\/wp-json\/wp\/v2\/product\/39764","targetHints":{"allow":["GET"]}}],"collection":[{"href":"https:\/\/www.museuhistoricosl.com.br\/loja\/wp-json\/wp\/v2\/product"}],"about":[{"href":"https:\/\/www.museuhistoricosl.com.br\/loja\/wp-json\/wp\/v2\/types\/product"}],"replies":[{"embeddable":true,"href":"https:\/\/www.museuhistoricosl.com.br\/loja\/wp-json\/wp\/v2\/comments?post=39764"}],"wp:featuredmedia":[{"embeddable":true,"href":"https:\/\/www.museuhistoricosl.com.br\/loja\/wp-json\/wp\/v2\/media\/39763"}],"wp:attachment":[{"href":"https:\/\/www.museuhistoricosl.com.br\/loja\/wp-json\/wp\/v2\/media?parent=39764"}],"wp:term":[{"taxonomy":"product_cat","embeddable":true,"href":"https:\/\/www.museuhistoricosl.com.br\/loja\/wp-json\/wp\/v2\/product_cat?post=39764"},{"taxonomy":"product_tag","embeddable":true,"href":"https:\/\/www.museuhistoricosl.com.br\/loja\/wp-json\/wp\/v2\/product_tag?post=39764"}],"curies":[{"name":"wp","href":"https:\/\/api.w.org\/{rel}","templated":true}]}}