{"id":38998,"date":"2022-01-17T15:06:57","date_gmt":"2022-01-17T18:06:57","guid":{"rendered":"https:\/\/www.museuhistoricosl.com.br\/loja\/produto\/sl002-fd-0016\/"},"modified":"2022-01-17T15:06:57","modified_gmt":"2022-01-17T18:06:57","slug":"sl002-fd-0016","status":"publish","type":"product","link":"https:\/\/www.museuhistoricosl.com.br\/loja\/produto\/sl002-fd-0016\/","title":{"rendered":"SL002-FD-0016"},"content":{"rendered":"<p>Churrasco comemorativo dos 25 anos de exist\u00eancia Bazar Natal. Direita para esquerda: Marcos Justo Tramontini, Cl\u00e9ria Justo Tramontini, Morilo Tramontini, diretor comercial do Jornal Vale dos Sinos Edsion Carvalho Le\u00e3o.] &#8211; Cat\u00e1logo anterior: FD 2,16; Ind\u00fastria e Com\u00e9rcio; <\/p>\n","protected":false},"excerpt":{"rendered":"<p>Churrasco comemorativo dos 25 anos de exist\u00eancia Bazar Natal. Direita para esquerda: Marcos Justo Tramontini, Cl\u00e9ria Justo Tramontini, Morilo Tramontini,<\/p>\n","protected":false},"featured_media":38997,"comment_status":"open","ping_status":"closed","template":"","meta":{"_acf_changed":false},"product_cat":[97],"product_tag":[],"class_list":["post-38998","product","type-product","status-publish","has-post-thumbnail","hentry","product_cat-industria-e-comercio"],"acf":[],"_links":{"self":[{"href":"https:\/\/www.museuhistoricosl.com.br\/loja\/wp-json\/wp\/v2\/product\/38998","targetHints":{"allow":["GET"]}}],"collection":[{"href":"https:\/\/www.museuhistoricosl.com.br\/loja\/wp-json\/wp\/v2\/product"}],"about":[{"href":"https:\/\/www.museuhistoricosl.com.br\/loja\/wp-json\/wp\/v2\/types\/product"}],"replies":[{"embeddable":true,"href":"https:\/\/www.museuhistoricosl.com.br\/loja\/wp-json\/wp\/v2\/comments?post=38998"}],"wp:featuredmedia":[{"embeddable":true,"href":"https:\/\/www.museuhistoricosl.com.br\/loja\/wp-json\/wp\/v2\/media\/38997"}],"wp:attachment":[{"href":"https:\/\/www.museuhistoricosl.com.br\/loja\/wp-json\/wp\/v2\/media?parent=38998"}],"wp:term":[{"taxonomy":"product_cat","embeddable":true,"href":"https:\/\/www.museuhistoricosl.com.br\/loja\/wp-json\/wp\/v2\/product_cat?post=38998"},{"taxonomy":"product_tag","embeddable":true,"href":"https:\/\/www.museuhistoricosl.com.br\/loja\/wp-json\/wp\/v2\/product_tag?post=38998"}],"curies":[{"name":"wp","href":"https:\/\/api.w.org\/{rel}","templated":true}]}}

<p>Churrasco comemorativo dos 25 anos de existência Bazar Natal. Direita para esquerda: Marcos Justo Tramontini, Cléria Justo Tramontini, Morilo Tramontini, diretor comercial do Jornal Vale dos Sinos Edsion Carvalho Leão.] &#8211; Catálogo anterior: FD 2,16; Indústria e Comércio; </p>

<p>Churrasco comemorativo dos 25 anos de existência Bazar Natal. Direita para esquerda: Marcos Justo Tramontini, Cléria Justo Tramontini, Morilo Tramontini,</p>
