{"id":38996,"date":"2022-01-17T15:06:55","date_gmt":"2022-01-17T18:06:55","guid":{"rendered":"https:\/\/www.museuhistoricosl.com.br\/loja\/produto\/sl002-fd-0015\/"},"modified":"2022-01-17T15:06:55","modified_gmt":"2022-01-17T18:06:55","slug":"sl002-fd-0015","status":"publish","type":"product","link":"https:\/\/www.museuhistoricosl.com.br\/loja\/produto\/sl002-fd-0015\/","title":{"rendered":"SL002-FD-0015"},"content":{"rendered":"<p>Comemora\u00e7\u00e3o dos 25 anos de exist\u00eancia do Bazar Natal. Propriet\u00e1rios, funcion\u00e1rios e convidados. 1980. &#8211; Cat\u00e1logo anterior: FD 2,15; Ind\u00fastria e Com\u00e9rcio; <\/p>\n","protected":false},"excerpt":{"rendered":"<p>Comemora\u00e7\u00e3o dos 25 anos de exist\u00eancia do Bazar Natal. Propriet\u00e1rios, funcion\u00e1rios e convidados. 1980. &#8211; Cat\u00e1logo anterior: FD 2,15; Ind\u00fastria<\/p>\n","protected":false},"featured_media":38995,"comment_status":"open","ping_status":"closed","template":"","meta":{"_acf_changed":false},"product_cat":[97],"product_tag":[],"class_list":["post-38996","product","type-product","status-publish","has-post-thumbnail","hentry","product_cat-industria-e-comercio"],"acf":[],"_links":{"self":[{"href":"https:\/\/www.museuhistoricosl.com.br\/loja\/wp-json\/wp\/v2\/product\/38996","targetHints":{"allow":["GET"]}}],"collection":[{"href":"https:\/\/www.museuhistoricosl.com.br\/loja\/wp-json\/wp\/v2\/product"}],"about":[{"href":"https:\/\/www.museuhistoricosl.com.br\/loja\/wp-json\/wp\/v2\/types\/product"}],"replies":[{"embeddable":true,"href":"https:\/\/www.museuhistoricosl.com.br\/loja\/wp-json\/wp\/v2\/comments?post=38996"}],"wp:featuredmedia":[{"embeddable":true,"href":"https:\/\/www.museuhistoricosl.com.br\/loja\/wp-json\/wp\/v2\/media\/38995"}],"wp:attachment":[{"href":"https:\/\/www.museuhistoricosl.com.br\/loja\/wp-json\/wp\/v2\/media?parent=38996"}],"wp:term":[{"taxonomy":"product_cat","embeddable":true,"href":"https:\/\/www.museuhistoricosl.com.br\/loja\/wp-json\/wp\/v2\/product_cat?post=38996"},{"taxonomy":"product_tag","embeddable":true,"href":"https:\/\/www.museuhistoricosl.com.br\/loja\/wp-json\/wp\/v2\/product_tag?post=38996"}],"curies":[{"name":"wp","href":"https:\/\/api.w.org\/{rel}","templated":true}]}}

<p>Comemoração dos 25 anos de existência do Bazar Natal. Proprietários, funcionários e convidados. 1980. &#8211; Catálogo anterior: FD 2,15; Indústria e Comércio; </p>

<p>Comemoração dos 25 anos de existência do Bazar Natal. Proprietários, funcionários e convidados. 1980. &#8211; Catálogo anterior: FD 2,15; Indústria</p>
