{"id":38980,"date":"2022-01-17T15:06:48","date_gmt":"2022-01-17T18:06:48","guid":{"rendered":"https:\/\/www.museuhistoricosl.com.br\/loja\/produto\/sl002-fd-0007\/"},"modified":"2022-01-17T15:06:48","modified_gmt":"2022-01-17T18:06:48","slug":"sl002-fd-0007","status":"publish","type":"product","link":"https:\/\/www.museuhistoricosl.com.br\/loja\/produto\/sl002-fd-0007\/","title":{"rendered":"SL002-FD-0007"},"content":{"rendered":"<p>Cozinha &#8211;  Climatiza\u00e7\u00e3o  17.05 foto n\u00ba 306 &#8211; 1040: Copa exposta na climatiza\u00e7\u00e3o Bom Lar &#8211; Cat\u00e1logo anterior: FD 2,7; Ind\u00fastria e Com\u00e9rcio; <\/p>\n","protected":false},"excerpt":{"rendered":"<p>Cozinha &#8211; Climatiza\u00e7\u00e3o 17.05 foto n\u00ba 306 &#8211; 1040: Copa exposta na climatiza\u00e7\u00e3o Bom Lar &#8211; Cat\u00e1logo anterior: FD 2,7;<\/p>\n","protected":false},"featured_media":38979,"comment_status":"open","ping_status":"closed","template":"","meta":{"_acf_changed":false},"product_cat":[97],"product_tag":[],"class_list":["post-38980","product","type-product","status-publish","has-post-thumbnail","hentry","product_cat-industria-e-comercio"],"acf":[],"_links":{"self":[{"href":"https:\/\/www.museuhistoricosl.com.br\/loja\/wp-json\/wp\/v2\/product\/38980","targetHints":{"allow":["GET"]}}],"collection":[{"href":"https:\/\/www.museuhistoricosl.com.br\/loja\/wp-json\/wp\/v2\/product"}],"about":[{"href":"https:\/\/www.museuhistoricosl.com.br\/loja\/wp-json\/wp\/v2\/types\/product"}],"replies":[{"embeddable":true,"href":"https:\/\/www.museuhistoricosl.com.br\/loja\/wp-json\/wp\/v2\/comments?post=38980"}],"wp:featuredmedia":[{"embeddable":true,"href":"https:\/\/www.museuhistoricosl.com.br\/loja\/wp-json\/wp\/v2\/media\/38979"}],"wp:attachment":[{"href":"https:\/\/www.museuhistoricosl.com.br\/loja\/wp-json\/wp\/v2\/media?parent=38980"}],"wp:term":[{"taxonomy":"product_cat","embeddable":true,"href":"https:\/\/www.museuhistoricosl.com.br\/loja\/wp-json\/wp\/v2\/product_cat?post=38980"},{"taxonomy":"product_tag","embeddable":true,"href":"https:\/\/www.museuhistoricosl.com.br\/loja\/wp-json\/wp\/v2\/product_tag?post=38980"}],"curies":[{"name":"wp","href":"https:\/\/api.w.org\/{rel}","templated":true}]}}

<p>Cozinha &#8211;  Climatização  17.05 foto nº 306 &#8211; 1040: Copa exposta na climatização Bom Lar &#8211; Catálogo anterior: FD 2,7; Indústria e Comércio; </p>

<p>Cozinha &#8211; Climatização 17.05 foto nº 306 &#8211; 1040: Copa exposta na climatização Bom Lar &#8211; Catálogo anterior: FD 2,7;</p>
