{"id":38978,"date":"2022-01-17T15:06:47","date_gmt":"2022-01-17T18:06:47","guid":{"rendered":"https:\/\/www.museuhistoricosl.com.br\/loja\/produto\/sl002-fd-0006\/"},"modified":"2022-01-17T15:06:47","modified_gmt":"2022-01-17T18:06:47","slug":"sl002-fd-0006","status":"publish","type":"product","link":"https:\/\/www.museuhistoricosl.com.br\/loja\/produto\/sl002-fd-0006\/","title":{"rendered":"SL002-FD-0006"},"content":{"rendered":"<p>Juarez Machado,  Valmir Arruda, Juan Carlos Martinez,  Pastor Diet\u00e9rio Krause,Pe Luiz Marobin, Paulo Machado &#8211; Inaugura\u00e7\u00e3o climatiza\u00e7\u00e3o &#8211;  n\u00ba 1466   &#8211; Cat\u00e1logo anterior: FD 2,6; Ind\u00fastria e Com\u00e9rcio; <\/p>\n","protected":false},"excerpt":{"rendered":"<p>Juarez Machado, Valmir Arruda, Juan Carlos Martinez, Pastor Diet\u00e9rio Krause,Pe Luiz Marobin, Paulo Machado &#8211; Inaugura\u00e7\u00e3o climatiza\u00e7\u00e3o &#8211; n\u00ba 1466<\/p>\n","protected":false},"featured_media":38977,"comment_status":"open","ping_status":"closed","template":"","meta":{"_acf_changed":false},"product_cat":[97],"product_tag":[],"class_list":["post-38978","product","type-product","status-publish","has-post-thumbnail","hentry","product_cat-industria-e-comercio"],"acf":[],"_links":{"self":[{"href":"https:\/\/www.museuhistoricosl.com.br\/loja\/wp-json\/wp\/v2\/product\/38978","targetHints":{"allow":["GET"]}}],"collection":[{"href":"https:\/\/www.museuhistoricosl.com.br\/loja\/wp-json\/wp\/v2\/product"}],"about":[{"href":"https:\/\/www.museuhistoricosl.com.br\/loja\/wp-json\/wp\/v2\/types\/product"}],"replies":[{"embeddable":true,"href":"https:\/\/www.museuhistoricosl.com.br\/loja\/wp-json\/wp\/v2\/comments?post=38978"}],"wp:featuredmedia":[{"embeddable":true,"href":"https:\/\/www.museuhistoricosl.com.br\/loja\/wp-json\/wp\/v2\/media\/38977"}],"wp:attachment":[{"href":"https:\/\/www.museuhistoricosl.com.br\/loja\/wp-json\/wp\/v2\/media?parent=38978"}],"wp:term":[{"taxonomy":"product_cat","embeddable":true,"href":"https:\/\/www.museuhistoricosl.com.br\/loja\/wp-json\/wp\/v2\/product_cat?post=38978"},{"taxonomy":"product_tag","embeddable":true,"href":"https:\/\/www.museuhistoricosl.com.br\/loja\/wp-json\/wp\/v2\/product_tag?post=38978"}],"curies":[{"name":"wp","href":"https:\/\/api.w.org\/{rel}","templated":true}]}}

<p>Juarez Machado,  Valmir Arruda, Juan Carlos Martinez,  Pastor Dietério Krause,Pe Luiz Marobin, Paulo Machado &#8211; Inauguração climatização &#8211;  nº 1466   &#8211; Catálogo anterior: FD 2,6; Indústria e Comércio; </p>

<p>Juarez Machado, Valmir Arruda, Juan Carlos Martinez, Pastor Dietério Krause,Pe Luiz Marobin, Paulo Machado &#8211; Inauguração climatização &#8211; nº 1466</p>
