{"id":38928,"date":"2022-01-14T09:38:58","date_gmt":"2022-01-14T12:38:58","guid":{"rendered":"https:\/\/www.museuhistoricosl.com.br\/loja\/produto\/sl141-fd-0002\/"},"modified":"2022-01-14T09:38:58","modified_gmt":"2022-01-14T12:38:58","slug":"sl141-fd-0002","status":"publish","type":"product","link":"https:\/\/www.museuhistoricosl.com.br\/loja\/produto\/sl141-fd-0002\/","title":{"rendered":"SL141-FD-0002"},"content":{"rendered":"<p>Igreja Evang\u00e9lica Pentecostal &#8220;O Brasil para Cristo&#8221; &#8211; inaugura\u00e7\u00e3o em 19 janeiro 86 &#8211; Bairro Santos Dumont &#8211; Vila Aeroclube; Igrejas Evang\u00e9licas Pentecostais; <\/p>\n","protected":false},"excerpt":{"rendered":"<p>Igreja Evang\u00e9lica Pentecostal &#8220;O Brasil para Cristo&#8221; &#8211; inaugura\u00e7\u00e3o em 19 janeiro 86 &#8211; Bairro Santos Dumont &#8211; Vila Aeroclube;<\/p>\n","protected":false},"featured_media":38927,"comment_status":"open","ping_status":"closed","template":"","meta":{"_acf_changed":false},"product_cat":[96],"product_tag":[],"class_list":["post-38928","product","type-product","status-publish","has-post-thumbnail","hentry","product_cat-igrejas-evangelicas-pentecostais"],"acf":[],"_links":{"self":[{"href":"https:\/\/www.museuhistoricosl.com.br\/loja\/wp-json\/wp\/v2\/product\/38928","targetHints":{"allow":["GET"]}}],"collection":[{"href":"https:\/\/www.museuhistoricosl.com.br\/loja\/wp-json\/wp\/v2\/product"}],"about":[{"href":"https:\/\/www.museuhistoricosl.com.br\/loja\/wp-json\/wp\/v2\/types\/product"}],"replies":[{"embeddable":true,"href":"https:\/\/www.museuhistoricosl.com.br\/loja\/wp-json\/wp\/v2\/comments?post=38928"}],"wp:featuredmedia":[{"embeddable":true,"href":"https:\/\/www.museuhistoricosl.com.br\/loja\/wp-json\/wp\/v2\/media\/38927"}],"wp:attachment":[{"href":"https:\/\/www.museuhistoricosl.com.br\/loja\/wp-json\/wp\/v2\/media?parent=38928"}],"wp:term":[{"taxonomy":"product_cat","embeddable":true,"href":"https:\/\/www.museuhistoricosl.com.br\/loja\/wp-json\/wp\/v2\/product_cat?post=38928"},{"taxonomy":"product_tag","embeddable":true,"href":"https:\/\/www.museuhistoricosl.com.br\/loja\/wp-json\/wp\/v2\/product_tag?post=38928"}],"curies":[{"name":"wp","href":"https:\/\/api.w.org\/{rel}","templated":true}]}}