{"id":38246,"date":"2022-01-14T09:14:05","date_gmt":"2022-01-14T12:14:05","guid":{"rendered":"https:\/\/www.museuhistoricosl.com.br\/loja\/produto\/sl053-fd-0020\/"},"modified":"2022-01-14T09:14:05","modified_gmt":"2022-01-14T12:14:05","slug":"sl053-fd-0020","status":"publish","type":"product","link":"https:\/\/www.museuhistoricosl.com.br\/loja\/produto\/sl053-fd-0020\/","title":{"rendered":"SL053-FD-0020"},"content":{"rendered":"<p>21.11.86 &#8211; Comemora\u00e7\u00e3o dos 60 anos da Hidr\u00e1ulica Velha. Placa descerrada pelo prefeito Waldir Schmidt e pelo funcion\u00e1rio Pedro Correa; Hidr\u00e1ulica e Abastecimento de \u00e1gua; <\/p>\n","protected":false},"excerpt":{"rendered":"<p>21.11.86 &#8211; Comemora\u00e7\u00e3o dos 60 anos da Hidr\u00e1ulica Velha. Placa descerrada pelo prefeito Waldir Schmidt e pelo funcion\u00e1rio Pedro Correa;<\/p>\n","protected":false},"featured_media":38245,"comment_status":"open","ping_status":"closed","template":"","meta":{"_acf_changed":false},"product_cat":[94],"product_tag":[],"class_list":["post-38246","product","type-product","status-publish","has-post-thumbnail","hentry","product_cat-hidraulica-e-abastecimento-de-agua"],"acf":[],"_links":{"self":[{"href":"https:\/\/www.museuhistoricosl.com.br\/loja\/wp-json\/wp\/v2\/product\/38246","targetHints":{"allow":["GET"]}}],"collection":[{"href":"https:\/\/www.museuhistoricosl.com.br\/loja\/wp-json\/wp\/v2\/product"}],"about":[{"href":"https:\/\/www.museuhistoricosl.com.br\/loja\/wp-json\/wp\/v2\/types\/product"}],"replies":[{"embeddable":true,"href":"https:\/\/www.museuhistoricosl.com.br\/loja\/wp-json\/wp\/v2\/comments?post=38246"}],"wp:featuredmedia":[{"embeddable":true,"href":"https:\/\/www.museuhistoricosl.com.br\/loja\/wp-json\/wp\/v2\/media\/38245"}],"wp:attachment":[{"href":"https:\/\/www.museuhistoricosl.com.br\/loja\/wp-json\/wp\/v2\/media?parent=38246"}],"wp:term":[{"taxonomy":"product_cat","embeddable":true,"href":"https:\/\/www.museuhistoricosl.com.br\/loja\/wp-json\/wp\/v2\/product_cat?post=38246"},{"taxonomy":"product_tag","embeddable":true,"href":"https:\/\/www.museuhistoricosl.com.br\/loja\/wp-json\/wp\/v2\/product_tag?post=38246"}],"curies":[{"name":"wp","href":"https:\/\/api.w.org\/{rel}","templated":true}]}}

<p>21.11.86 &#8211; Comemoração dos 60 anos da Hidráulica Velha. Placa descerrada pelo prefeito Waldir Schmidt e pelo funcionário Pedro Correa; Hidráulica e Abastecimento de água; </p>

<p>21.11.86 &#8211; Comemoração dos 60 anos da Hidráulica Velha. Placa descerrada pelo prefeito Waldir Schmidt e pelo funcionário Pedro Correa;</p>
