{"id":3804,"date":"2021-12-16T14:03:21","date_gmt":"2021-12-16T17:03:21","guid":{"rendered":"https:\/\/www.museuhistoricosl.com.br\/novosite\/produto\/sl024-fd-0254\/"},"modified":"2021-12-16T14:03:21","modified_gmt":"2021-12-16T17:03:21","slug":"sl024-fd-0254","status":"publish","type":"product","link":"https:\/\/www.museuhistoricosl.com.br\/loja\/produto\/sl024-fd-0254\/","title":{"rendered":"SL024-FD-0254"},"content":{"rendered":"<p>Instituto Conc\u00f3rdia, 49\u00ba Conven\u00e7\u00e3o Nacional da Igreja, Evang\u00e9lica Luterana do Brasil, Augusto Kunert e Jair Soares, 22\/01\/1984; Comunidade Evang\u00e9lica Luterana em S\u00e3o Leopoldo; <\/p>\n","protected":false},"excerpt":{"rendered":"<p>Instituto Conc\u00f3rdia, 49\u00ba Conven\u00e7\u00e3o Nacional da Igreja, Evang\u00e9lica Luterana do Brasil, Augusto Kunert e Jair Soares, 22\/01\/1984; Comunidade Evang\u00e9lica Luterana<\/p>\n","protected":false},"featured_media":3803,"comment_status":"open","ping_status":"closed","template":"","meta":{"_acf_changed":false},"product_cat":[36],"product_tag":[],"class_list":["post-3804","product","type-product","status-publish","has-post-thumbnail","hentry","product_cat-comunidade-evangelica-luterana-em-sao-leopoldo"],"acf":[],"_links":{"self":[{"href":"https:\/\/www.museuhistoricosl.com.br\/loja\/wp-json\/wp\/v2\/product\/3804","targetHints":{"allow":["GET"]}}],"collection":[{"href":"https:\/\/www.museuhistoricosl.com.br\/loja\/wp-json\/wp\/v2\/product"}],"about":[{"href":"https:\/\/www.museuhistoricosl.com.br\/loja\/wp-json\/wp\/v2\/types\/product"}],"replies":[{"embeddable":true,"href":"https:\/\/www.museuhistoricosl.com.br\/loja\/wp-json\/wp\/v2\/comments?post=3804"}],"wp:featuredmedia":[{"embeddable":true,"href":"https:\/\/www.museuhistoricosl.com.br\/loja\/wp-json\/wp\/v2\/media\/3803"}],"wp:attachment":[{"href":"https:\/\/www.museuhistoricosl.com.br\/loja\/wp-json\/wp\/v2\/media?parent=3804"}],"wp:term":[{"taxonomy":"product_cat","embeddable":true,"href":"https:\/\/www.museuhistoricosl.com.br\/loja\/wp-json\/wp\/v2\/product_cat?post=3804"},{"taxonomy":"product_tag","embeddable":true,"href":"https:\/\/www.museuhistoricosl.com.br\/loja\/wp-json\/wp\/v2\/product_tag?post=3804"}],"curies":[{"name":"wp","href":"https:\/\/api.w.org\/{rel}","templated":true}]}}

<p>Instituto Concórdia, 49º Convenção Nacional da Igreja, Evangélica Luterana do Brasil, Augusto Kunert e Jair Soares, 22/01/1984; Comunidade Evangélica Luterana em São Leopoldo; </p>

<p>Instituto Concórdia, 49º Convenção Nacional da Igreja, Evangélica Luterana do Brasil, Augusto Kunert e Jair Soares, 22/01/1984; Comunidade Evangélica Luterana</p>
