{"id":3784,"date":"2021-12-16T14:03:18","date_gmt":"2021-12-16T17:03:18","guid":{"rendered":"https:\/\/www.museuhistoricosl.com.br\/novosite\/produto\/sl024-fd-0244\/"},"modified":"2021-12-16T14:03:18","modified_gmt":"2021-12-16T17:03:18","slug":"sl024-fd-0244","status":"publish","type":"product","link":"https:\/\/www.museuhistoricosl.com.br\/loja\/produto\/sl024-fd-0244\/","title":{"rendered":"SL024-FD-0244"},"content":{"rendered":"<p>A lembran\u00e7a \u00e9 solene o ano de 1949, mas o fato \u00e9 mais antiga. Os dizeres foram aplicados a um fato velha, provavelmente de 1942, Doador: Sibila Jacobus Simon; Comunidade Evang\u00e9lica Luterana em S\u00e3o Leopoldo; <\/p>\n","protected":false},"excerpt":{"rendered":"<p>A lembran\u00e7a \u00e9 solene o ano de 1949, mas o fato \u00e9 mais antiga. Os dizeres foram aplicados a um<\/p>\n","protected":false},"featured_media":3783,"comment_status":"open","ping_status":"closed","template":"","meta":{"_acf_changed":false},"product_cat":[36],"product_tag":[],"class_list":["post-3784","product","type-product","status-publish","has-post-thumbnail","hentry","product_cat-comunidade-evangelica-luterana-em-sao-leopoldo"],"acf":[],"_links":{"self":[{"href":"https:\/\/www.museuhistoricosl.com.br\/loja\/wp-json\/wp\/v2\/product\/3784","targetHints":{"allow":["GET"]}}],"collection":[{"href":"https:\/\/www.museuhistoricosl.com.br\/loja\/wp-json\/wp\/v2\/product"}],"about":[{"href":"https:\/\/www.museuhistoricosl.com.br\/loja\/wp-json\/wp\/v2\/types\/product"}],"replies":[{"embeddable":true,"href":"https:\/\/www.museuhistoricosl.com.br\/loja\/wp-json\/wp\/v2\/comments?post=3784"}],"wp:featuredmedia":[{"embeddable":true,"href":"https:\/\/www.museuhistoricosl.com.br\/loja\/wp-json\/wp\/v2\/media\/3783"}],"wp:attachment":[{"href":"https:\/\/www.museuhistoricosl.com.br\/loja\/wp-json\/wp\/v2\/media?parent=3784"}],"wp:term":[{"taxonomy":"product_cat","embeddable":true,"href":"https:\/\/www.museuhistoricosl.com.br\/loja\/wp-json\/wp\/v2\/product_cat?post=3784"},{"taxonomy":"product_tag","embeddable":true,"href":"https:\/\/www.museuhistoricosl.com.br\/loja\/wp-json\/wp\/v2\/product_tag?post=3784"}],"curies":[{"name":"wp","href":"https:\/\/api.w.org\/{rel}","templated":true}]}}

<p>A lembrança é solene o ano de 1949, mas o fato é mais antiga. Os dizeres foram aplicados a um fato velha, provavelmente de 1942, Doador: Sibila Jacobus Simon; Comunidade Evangélica Luterana em São Leopoldo; </p>

<p>A lembrança é solene o ano de 1949, mas o fato é mais antiga. Os dizeres foram aplicados a um</p>
