{"id":37613,"date":"2022-01-14T09:01:54","date_gmt":"2022-01-14T12:01:54","guid":{"rendered":"https:\/\/www.museuhistoricosl.com.br\/loja\/produto\/sl025-fd-0412\/"},"modified":"2022-01-14T09:01:54","modified_gmt":"2022-01-14T12:01:54","slug":"sl025-fd-0412","status":"publish","type":"product","link":"https:\/\/www.museuhistoricosl.com.br\/loja\/produto\/sl025-fd-0412\/","title":{"rendered":"SL025-FD-0412"},"content":{"rendered":"<p>Clubes Diversos, Vampiros, 03\/02\/1924, Rainha, Alfredo Brodt, Frederico D\u00f6rnte, Jo\u00e3o Matte, Germano Sperb, Jo\u00e3o Jung, Ernestro D\u00f6rnte, Lulu Weimmann, Leoporldo M\u00fcller, Vergilio Deferrari, Hugo Crusius, Romeu Crusius; Grupos e clubes de Servi\u00e7os: Lions, Girassol, Rotary, Soroptmista, Escoteiros, Amencar, etc; <\/p>\n","protected":false},"excerpt":{"rendered":"<p>Clubes Diversos, Vampiros, 03\/02\/1924, Rainha, Alfredo Brodt, Frederico D\u00f6rnte, Jo\u00e3o Matte, Germano Sperb, Jo\u00e3o Jung, Ernestro D\u00f6rnte, Lulu Weimmann, Leoporldo<\/p>\n","protected":false},"featured_media":37612,"comment_status":"open","ping_status":"closed","template":"","meta":{"_acf_changed":false},"product_cat":[92,91,93,88,87,89,90],"product_tag":[],"class_list":["post-37613","product","type-product","status-publish","has-post-thumbnail","hentry","product_cat-amencar","product_cat-escoteiros","product_cat-etc","product_cat-girassol","product_cat-grupos-e-clubes-de-servicos-lions","product_cat-rotary","product_cat-soroptmista"],"acf":[],"_links":{"self":[{"href":"https:\/\/www.museuhistoricosl.com.br\/loja\/wp-json\/wp\/v2\/product\/37613","targetHints":{"allow":["GET"]}}],"collection":[{"href":"https:\/\/www.museuhistoricosl.com.br\/loja\/wp-json\/wp\/v2\/product"}],"about":[{"href":"https:\/\/www.museuhistoricosl.com.br\/loja\/wp-json\/wp\/v2\/types\/product"}],"replies":[{"embeddable":true,"href":"https:\/\/www.museuhistoricosl.com.br\/loja\/wp-json\/wp\/v2\/comments?post=37613"}],"wp:featuredmedia":[{"embeddable":true,"href":"https:\/\/www.museuhistoricosl.com.br\/loja\/wp-json\/wp\/v2\/media\/37612"}],"wp:attachment":[{"href":"https:\/\/www.museuhistoricosl.com.br\/loja\/wp-json\/wp\/v2\/media?parent=37613"}],"wp:term":[{"taxonomy":"product_cat","embeddable":true,"href":"https:\/\/www.museuhistoricosl.com.br\/loja\/wp-json\/wp\/v2\/product_cat?post=37613"},{"taxonomy":"product_tag","embeddable":true,"href":"https:\/\/www.museuhistoricosl.com.br\/loja\/wp-json\/wp\/v2\/product_tag?post=37613"}],"curies":[{"name":"wp","href":"https:\/\/api.w.org\/{rel}","templated":true}]}}