{"id":37599,"date":"2022-01-14T09:01:47","date_gmt":"2022-01-14T12:01:47","guid":{"rendered":"https:\/\/www.museuhistoricosl.com.br\/loja\/produto\/sl025-fd-0405\/"},"modified":"2022-01-14T09:01:47","modified_gmt":"2022-01-14T12:01:47","slug":"sl025-fd-0405","status":"publish","type":"product","link":"https:\/\/www.museuhistoricosl.com.br\/loja\/produto\/sl025-fd-0405\/","title":{"rendered":"SL025-FD-0405"},"content":{"rendered":"<p>Lions, Despedida de solteiro na ch\u00e1cara Lang, Ernesto, 03\/02\/1924, 1-Schaefer, 2-Oscar D\u00f6ernte, 3- Henrique Sefrin (Rainha), 4- Carlos Praetzel, 5- Alberto Praetzel, 6- Romeu Crusius, 7- Carlos Rothmann, 8- Leopoldo Mueller, 9- Albino Brodt, 10- Walter Thurmann, 11- Oscar Mohr, 12- Frederico Doernte, 13- Jo\u00e3o Jung, 14- Ernesto Doernte, 15- Jo\u00e3o Matte, 16- Roberto Doernte, 17- Fredi D\u00f6rnte, 18- Vergilio Deferrari, 19- Hugo Kessler, 21- Thisen, 22- Maneca Ferreira, 23- Germano Sperb, 24- Ant\u00f4nio Carreteiro, 25- Luiz Weimmann, 26- Otomar Crusius, 27- Jo\u00e3o Gaita, 28- Arno Steigleder; Grupos e clubes de Servi\u00e7os: Lions, Girassol, Rotary, Soroptmista, Escoteiros, Amencar, etc; <\/p>\n","protected":false},"excerpt":{"rendered":"<p>Lions, Despedida de solteiro na ch\u00e1cara Lang, Ernesto, 03\/02\/1924, 1-Schaefer, 2-Oscar D\u00f6ernte, 3- Henrique Sefrin (Rainha), 4- Carlos Praetzel, 5-<\/p>\n","protected":false},"featured_media":37598,"comment_status":"open","ping_status":"closed","template":"","meta":{"_acf_changed":false},"product_cat":[92,91,93,88,87,89,90],"product_tag":[],"class_list":["post-37599","product","type-product","status-publish","has-post-thumbnail","hentry","product_cat-amencar","product_cat-escoteiros","product_cat-etc","product_cat-girassol","product_cat-grupos-e-clubes-de-servicos-lions","product_cat-rotary","product_cat-soroptmista"],"acf":[],"_links":{"self":[{"href":"https:\/\/www.museuhistoricosl.com.br\/loja\/wp-json\/wp\/v2\/product\/37599","targetHints":{"allow":["GET"]}}],"collection":[{"href":"https:\/\/www.museuhistoricosl.com.br\/loja\/wp-json\/wp\/v2\/product"}],"about":[{"href":"https:\/\/www.museuhistoricosl.com.br\/loja\/wp-json\/wp\/v2\/types\/product"}],"replies":[{"embeddable":true,"href":"https:\/\/www.museuhistoricosl.com.br\/loja\/wp-json\/wp\/v2\/comments?post=37599"}],"wp:featuredmedia":[{"embeddable":true,"href":"https:\/\/www.museuhistoricosl.com.br\/loja\/wp-json\/wp\/v2\/media\/37598"}],"wp:attachment":[{"href":"https:\/\/www.museuhistoricosl.com.br\/loja\/wp-json\/wp\/v2\/media?parent=37599"}],"wp:term":[{"taxonomy":"product_cat","embeddable":true,"href":"https:\/\/www.museuhistoricosl.com.br\/loja\/wp-json\/wp\/v2\/product_cat?post=37599"},{"taxonomy":"product_tag","embeddable":true,"href":"https:\/\/www.museuhistoricosl.com.br\/loja\/wp-json\/wp\/v2\/product_tag?post=37599"}],"curies":[{"name":"wp","href":"https:\/\/api.w.org\/{rel}","templated":true}]}}