{"id":36680,"date":"2022-01-13T09:51:50","date_gmt":"2022-01-13T12:51:50","guid":{"rendered":"https:\/\/www.museuhistoricosl.com.br\/loja\/produto\/sl094-fd-0023\/"},"modified":"2022-01-13T09:51:50","modified_gmt":"2022-01-13T12:51:50","slug":"sl094-fd-0023","status":"publish","type":"product","link":"https:\/\/www.museuhistoricosl.com.br\/loja\/produto\/sl094-fd-0023\/","title":{"rendered":"SL094-FD-0023"},"content":{"rendered":"<p>Nosso pai (n\u00e3o foi poss\u00edvel identificar o nome da pessoa) quando subprefeito em Ivoti, por ocasi\u00e3o da visita do General Benicio da Silva, naquela \u00e9poca, comandante da 3\u00aa Regi\u00e3o Militar no Rio Grande do Sul, achando-se presente tamb\u00e9m Coronel Theodomiro Porto da Fonseca, prefeito do munic\u00edpio S\u00e3o Leopoldo. &#8211; C\u00f3digo anterior de cat\u00e1logo:FD 94-23; Fundo Theodomiro Porto da Fonseca; <\/p>\n","protected":false},"excerpt":{"rendered":"<p>Nosso pai (n\u00e3o foi poss\u00edvel identificar o nome da pessoa) quando subprefeito em Ivoti, por ocasi\u00e3o da visita do General<\/p>\n","protected":false},"featured_media":36679,"comment_status":"open","ping_status":"closed","template":"","meta":{"_acf_changed":false},"product_cat":[86],"product_tag":[],"class_list":["post-36680","product","type-product","status-publish","has-post-thumbnail","hentry","product_cat-fundo-theodomiro-porto-da-fonseca"],"acf":[],"_links":{"self":[{"href":"https:\/\/www.museuhistoricosl.com.br\/loja\/wp-json\/wp\/v2\/product\/36680","targetHints":{"allow":["GET"]}}],"collection":[{"href":"https:\/\/www.museuhistoricosl.com.br\/loja\/wp-json\/wp\/v2\/product"}],"about":[{"href":"https:\/\/www.museuhistoricosl.com.br\/loja\/wp-json\/wp\/v2\/types\/product"}],"replies":[{"embeddable":true,"href":"https:\/\/www.museuhistoricosl.com.br\/loja\/wp-json\/wp\/v2\/comments?post=36680"}],"wp:featuredmedia":[{"embeddable":true,"href":"https:\/\/www.museuhistoricosl.com.br\/loja\/wp-json\/wp\/v2\/media\/36679"}],"wp:attachment":[{"href":"https:\/\/www.museuhistoricosl.com.br\/loja\/wp-json\/wp\/v2\/media?parent=36680"}],"wp:term":[{"taxonomy":"product_cat","embeddable":true,"href":"https:\/\/www.museuhistoricosl.com.br\/loja\/wp-json\/wp\/v2\/product_cat?post=36680"},{"taxonomy":"product_tag","embeddable":true,"href":"https:\/\/www.museuhistoricosl.com.br\/loja\/wp-json\/wp\/v2\/product_tag?post=36680"}],"curies":[{"name":"wp","href":"https:\/\/api.w.org\/{rel}","templated":true}]}}

<p>Nosso pai (não foi possível identificar o nome da pessoa) quando subprefeito em Ivoti, por ocasião da visita do General Benicio da Silva, naquela época, comandante da 3ª Região Militar no Rio Grande do Sul, achando-se presente também Coronel Theodomiro Porto da Fonseca, prefeito do município São Leopoldo. &#8211; Código anterior de catálogo:FD 94-23; Fundo Theodomiro Porto da Fonseca; </p>

<p>Nosso pai (não foi possível identificar o nome da pessoa) quando subprefeito em Ivoti, por ocasião da visita do General</p>
