{"id":36652,"date":"2022-01-13T09:51:26","date_gmt":"2022-01-13T12:51:26","guid":{"rendered":"https:\/\/www.museuhistoricosl.com.br\/loja\/produto\/sl094-fd-0009\/"},"modified":"2022-01-13T09:51:26","modified_gmt":"2022-01-13T12:51:26","slug":"sl094-fd-0009","status":"publish","type":"product","link":"https:\/\/www.museuhistoricosl.com.br\/loja\/produto\/sl094-fd-0009\/","title":{"rendered":"SL094-FD-0009"},"content":{"rendered":"<p>Churrasco em Campo Bom, ent\u00e3o segundo distrito de S\u00e3o Leopoldo, em 1944. Sentados: \u00e0 esquerda (de terno branco), Frederico Guilherme Schmidt; ao centro (de terno escuro), coronel Ernesto Dornelles, ent\u00e3o interventor federal do Rio Grande do Sul; ao seu lado (\u00e0 direita), Theodomiro Porto da Fonseca, ent\u00e3o prefeito de S\u00e3o Leopoldo; ao seu lado (\u00e0 direita, de terno branco), Cylon Rosa, ent\u00e3o secret\u00e1rio do Interior do Rio Grande do Sul. Em p\u00e9 (de terno branco), Ernesto Dienstbach, ent\u00e3o subprefeito de Campo Bom. &#8211; C\u00f3digo anterior de cat\u00e1logo:FD 94-09; Fundo Theodomiro Porto da Fonseca; <\/p>\n","protected":false},"excerpt":{"rendered":"<p>Churrasco em Campo Bom, ent\u00e3o segundo distrito de S\u00e3o Leopoldo, em 1944. Sentados: \u00e0 esquerda (de terno branco), Frederico Guilherme<\/p>\n","protected":false},"featured_media":36651,"comment_status":"open","ping_status":"closed","template":"","meta":{"_acf_changed":false},"product_cat":[86],"product_tag":[],"class_list":["post-36652","product","type-product","status-publish","has-post-thumbnail","hentry","product_cat-fundo-theodomiro-porto-da-fonseca"],"acf":[],"_links":{"self":[{"href":"https:\/\/www.museuhistoricosl.com.br\/loja\/wp-json\/wp\/v2\/product\/36652","targetHints":{"allow":["GET"]}}],"collection":[{"href":"https:\/\/www.museuhistoricosl.com.br\/loja\/wp-json\/wp\/v2\/product"}],"about":[{"href":"https:\/\/www.museuhistoricosl.com.br\/loja\/wp-json\/wp\/v2\/types\/product"}],"replies":[{"embeddable":true,"href":"https:\/\/www.museuhistoricosl.com.br\/loja\/wp-json\/wp\/v2\/comments?post=36652"}],"wp:featuredmedia":[{"embeddable":true,"href":"https:\/\/www.museuhistoricosl.com.br\/loja\/wp-json\/wp\/v2\/media\/36651"}],"wp:attachment":[{"href":"https:\/\/www.museuhistoricosl.com.br\/loja\/wp-json\/wp\/v2\/media?parent=36652"}],"wp:term":[{"taxonomy":"product_cat","embeddable":true,"href":"https:\/\/www.museuhistoricosl.com.br\/loja\/wp-json\/wp\/v2\/product_cat?post=36652"},{"taxonomy":"product_tag","embeddable":true,"href":"https:\/\/www.museuhistoricosl.com.br\/loja\/wp-json\/wp\/v2\/product_tag?post=36652"}],"curies":[{"name":"wp","href":"https:\/\/api.w.org\/{rel}","templated":true}]}}

<p>Churrasco em Campo Bom, então segundo distrito de São Leopoldo, em 1944. Sentados: à esquerda (de terno branco), Frederico Guilherme Schmidt; ao centro (de terno escuro), coronel Ernesto Dornelles, então interventor federal do Rio Grande do Sul; ao seu lado (à direita), Theodomiro Porto da Fonseca, então prefeito de São Leopoldo; ao seu lado (à direita, de terno branco), Cylon Rosa, então secretário do Interior do Rio Grande do Sul. Em pé (de terno branco), Ernesto Dienstbach, então subprefeito de Campo Bom. &#8211; Código anterior de catálogo:FD 94-09; Fundo Theodomiro Porto da Fonseca; </p>

<p>Churrasco em Campo Bom, então segundo distrito de São Leopoldo, em 1944. Sentados: à esquerda (de terno branco), Frederico Guilherme</p>
