{"id":36642,"date":"2022-01-13T09:51:21","date_gmt":"2022-01-13T12:51:21","guid":{"rendered":"https:\/\/www.museuhistoricosl.com.br\/loja\/produto\/sl094-fd-0004\/"},"modified":"2022-01-13T09:51:21","modified_gmt":"2022-01-13T12:51:21","slug":"sl094-fd-0004","status":"publish","type":"product","link":"https:\/\/www.museuhistoricosl.com.br\/loja\/produto\/sl094-fd-0004\/","title":{"rendered":"SL094-FD-0004"},"content":{"rendered":"<p>25\/07\/1935. Discursando, Remi Fonseca (filho e Theodomiro Porto da Fonseca). Atr\u00e1s de Remi, de roupa preta, Theodomiro Porto da Fonseca (ent\u00e3o prefeito de S\u00e3o Leopoldo); ao seu lado (\u00e0 esquerda), Germano Hauschild (prefeito de S\u00e3o Leopoldo entre 1951 e 1955). Junto dele (\u00e0 frente do oficial do Ex\u00e9rcito), pastor Hermann Dohms, presidente do S\u00ednodo Rio-grandense (\u00f3rg\u00e3o dirigente da Igreja Evang\u00e9lica do Rio Grande do Sul, atual Igreja Evang\u00e9lica de Confiss\u00e3o Luterana no Brasil &#8211; IECLB). &#8211; C\u00f3digo anterior de cat\u00e1logo:FD 94-04; Fundo Theodomiro Porto da Fonseca; <\/p>\n","protected":false},"excerpt":{"rendered":"<p>25\/07\/1935. Discursando, Remi Fonseca (filho e Theodomiro Porto da Fonseca). Atr\u00e1s de Remi, de roupa preta, Theodomiro Porto da Fonseca<\/p>\n","protected":false},"featured_media":36641,"comment_status":"open","ping_status":"closed","template":"","meta":{"_acf_changed":false},"product_cat":[86],"product_tag":[],"class_list":["post-36642","product","type-product","status-publish","has-post-thumbnail","hentry","product_cat-fundo-theodomiro-porto-da-fonseca"],"acf":[],"_links":{"self":[{"href":"https:\/\/www.museuhistoricosl.com.br\/loja\/wp-json\/wp\/v2\/product\/36642","targetHints":{"allow":["GET"]}}],"collection":[{"href":"https:\/\/www.museuhistoricosl.com.br\/loja\/wp-json\/wp\/v2\/product"}],"about":[{"href":"https:\/\/www.museuhistoricosl.com.br\/loja\/wp-json\/wp\/v2\/types\/product"}],"replies":[{"embeddable":true,"href":"https:\/\/www.museuhistoricosl.com.br\/loja\/wp-json\/wp\/v2\/comments?post=36642"}],"wp:featuredmedia":[{"embeddable":true,"href":"https:\/\/www.museuhistoricosl.com.br\/loja\/wp-json\/wp\/v2\/media\/36641"}],"wp:attachment":[{"href":"https:\/\/www.museuhistoricosl.com.br\/loja\/wp-json\/wp\/v2\/media?parent=36642"}],"wp:term":[{"taxonomy":"product_cat","embeddable":true,"href":"https:\/\/www.museuhistoricosl.com.br\/loja\/wp-json\/wp\/v2\/product_cat?post=36642"},{"taxonomy":"product_tag","embeddable":true,"href":"https:\/\/www.museuhistoricosl.com.br\/loja\/wp-json\/wp\/v2\/product_tag?post=36642"}],"curies":[{"name":"wp","href":"https:\/\/api.w.org\/{rel}","templated":true}]}}