{"id":34718,"date":"2022-01-13T09:01:38","date_gmt":"2022-01-13T12:01:38","guid":{"rendered":"https:\/\/www.museuhistoricosl.com.br\/loja\/produto\/sl066-fd-0012\/"},"modified":"2022-01-13T09:01:38","modified_gmt":"2022-01-13T12:01:38","slug":"sl066-fd-0012","status":"publish","type":"product","link":"https:\/\/www.museuhistoricosl.com.br\/loja\/produto\/sl066-fd-0012\/","title":{"rendered":"SL066-FD-0012"},"content":{"rendered":"<p>Museu Hist\u00f3rico Visconde de S\u00e3o Leopoldo, foto do 2\u00ba piso com vista para hall de entrada, No hall: destaque para a Liteira ou &#8220;cadeira de arrumar isto \u00e9, ir na missa, fazer uma visita etc., usada pela Viscondessa de S\u00e3o Leopoldo; Fundo Museu Hist\u00f3rico Visconde de S\u00e3o Leopoldo; <\/p>\n","protected":false},"excerpt":{"rendered":"<p>Museu Hist\u00f3rico Visconde de S\u00e3o Leopoldo, foto do 2\u00ba piso com vista para hall de entrada, No hall: destaque para<\/p>\n","protected":false},"featured_media":34717,"comment_status":"open","ping_status":"closed","template":"","meta":{"_acf_changed":false},"product_cat":[84],"product_tag":[],"class_list":["post-34718","product","type-product","status-publish","has-post-thumbnail","hentry","product_cat-fundo-museu-historico-visconde-de-sao-leopoldo"],"acf":[],"_links":{"self":[{"href":"https:\/\/www.museuhistoricosl.com.br\/loja\/wp-json\/wp\/v2\/product\/34718","targetHints":{"allow":["GET"]}}],"collection":[{"href":"https:\/\/www.museuhistoricosl.com.br\/loja\/wp-json\/wp\/v2\/product"}],"about":[{"href":"https:\/\/www.museuhistoricosl.com.br\/loja\/wp-json\/wp\/v2\/types\/product"}],"replies":[{"embeddable":true,"href":"https:\/\/www.museuhistoricosl.com.br\/loja\/wp-json\/wp\/v2\/comments?post=34718"}],"wp:featuredmedia":[{"embeddable":true,"href":"https:\/\/www.museuhistoricosl.com.br\/loja\/wp-json\/wp\/v2\/media\/34717"}],"wp:attachment":[{"href":"https:\/\/www.museuhistoricosl.com.br\/loja\/wp-json\/wp\/v2\/media?parent=34718"}],"wp:term":[{"taxonomy":"product_cat","embeddable":true,"href":"https:\/\/www.museuhistoricosl.com.br\/loja\/wp-json\/wp\/v2\/product_cat?post=34718"},{"taxonomy":"product_tag","embeddable":true,"href":"https:\/\/www.museuhistoricosl.com.br\/loja\/wp-json\/wp\/v2\/product_tag?post=34718"}],"curies":[{"name":"wp","href":"https:\/\/api.w.org\/{rel}","templated":true}]}}

<p>Museu Histórico Visconde de São Leopoldo, foto do 2º piso com vista para hall de entrada, No hall: destaque para a Liteira ou &#8220;cadeira de arrumar isto é, ir na missa, fazer uma visita etc., usada pela Viscondessa de São Leopoldo; Fundo Museu Histórico Visconde de São Leopoldo; </p>

<p>Museu Histórico Visconde de São Leopoldo, foto do 2º piso com vista para hall de entrada, No hall: destaque para</p>
