{"id":34706,"date":"2022-01-13T09:01:34","date_gmt":"2022-01-13T12:01:34","guid":{"rendered":"https:\/\/www.museuhistoricosl.com.br\/loja\/produto\/sl066-fd-0006\/"},"modified":"2022-01-13T09:01:34","modified_gmt":"2022-01-13T12:01:34","slug":"sl066-fd-0006","status":"publish","type":"product","link":"https:\/\/www.museuhistoricosl.com.br\/loja\/produto\/sl066-fd-0006\/","title":{"rendered":"SL066-FD-0006"},"content":{"rendered":"<p>Museu Hist\u00f3rico Visconde de S\u00e3o Leopoldo, Fundado em 20\/09\/1959, Entidade privada, cultural, sem fins lucrativos, 1\u00aa Sede: Faculdade de Filosofia ( Unisinos antiga ), 2\u00aa sede: Rua Independ\u00eancia, 111 esquina rua Dom Jo\u00e3o Becker, 3\u00aa sede: Avenida Dom Jo\u00e3o Becker, 491, Inaugurada em 25\/07\/1985, Fontes: entidade privadas, pessoas da comunidade, Governo Federal ( aten\u00e7\u00e3o de Alberto Hoffmann ), Foverno da Rep. Federal da Alemanha; Fundo Museu Hist\u00f3rico Visconde de S\u00e3o Leopoldo; <\/p>\n","protected":false},"excerpt":{"rendered":"<p>Museu Hist\u00f3rico Visconde de S\u00e3o Leopoldo, Fundado em 20\/09\/1959, Entidade privada, cultural, sem fins lucrativos, 1\u00aa Sede: Faculdade de Filosofia<\/p>\n","protected":false},"featured_media":34705,"comment_status":"open","ping_status":"closed","template":"","meta":{"_acf_changed":false},"product_cat":[84],"product_tag":[],"class_list":["post-34706","product","type-product","status-publish","has-post-thumbnail","hentry","product_cat-fundo-museu-historico-visconde-de-sao-leopoldo"],"acf":[],"_links":{"self":[{"href":"https:\/\/www.museuhistoricosl.com.br\/loja\/wp-json\/wp\/v2\/product\/34706","targetHints":{"allow":["GET"]}}],"collection":[{"href":"https:\/\/www.museuhistoricosl.com.br\/loja\/wp-json\/wp\/v2\/product"}],"about":[{"href":"https:\/\/www.museuhistoricosl.com.br\/loja\/wp-json\/wp\/v2\/types\/product"}],"replies":[{"embeddable":true,"href":"https:\/\/www.museuhistoricosl.com.br\/loja\/wp-json\/wp\/v2\/comments?post=34706"}],"wp:featuredmedia":[{"embeddable":true,"href":"https:\/\/www.museuhistoricosl.com.br\/loja\/wp-json\/wp\/v2\/media\/34705"}],"wp:attachment":[{"href":"https:\/\/www.museuhistoricosl.com.br\/loja\/wp-json\/wp\/v2\/media?parent=34706"}],"wp:term":[{"taxonomy":"product_cat","embeddable":true,"href":"https:\/\/www.museuhistoricosl.com.br\/loja\/wp-json\/wp\/v2\/product_cat?post=34706"},{"taxonomy":"product_tag","embeddable":true,"href":"https:\/\/www.museuhistoricosl.com.br\/loja\/wp-json\/wp\/v2\/product_tag?post=34706"}],"curies":[{"name":"wp","href":"https:\/\/api.w.org\/{rel}","templated":true}]}}

<p>Museu Histórico Visconde de São Leopoldo, Fundado em 20/09/1959, Entidade privada, cultural, sem fins lucrativos, 1ª Sede: Faculdade de Filosofia ( Unisinos antiga ), 2ª sede: Rua Independência, 111 esquina rua Dom João Becker, 3ª sede: Avenida Dom João Becker, 491, Inaugurada em 25/07/1985, Fontes: entidade privadas, pessoas da comunidade, Governo Federal ( atenção de Alberto Hoffmann ), Foverno da Rep. Federal da Alemanha; Fundo Museu Histórico Visconde de São Leopoldo; </p>

<p>Museu Histórico Visconde de São Leopoldo, Fundado em 20/09/1959, Entidade privada, cultural, sem fins lucrativos, 1ª Sede: Faculdade de Filosofia</p>
